{"id":983,"date":"2020-07-29T10:28:57","date_gmt":"2020-07-29T13:28:57","guid":{"rendered":"http:\/\/170.210.80.98:8385\/wordpress\/?page_id=983"},"modified":"2025-02-27T13:08:59","modified_gmt":"2025-02-27T16:08:59","slug":"auditoria-de-facturacion","status":"publish","type":"page","link":"https:\/\/www.sosunc.org.ar\/web\/?page_id=983","title":{"rendered":"Auditor\u00eda de Facturaci\u00f3n"},"content":{"rendered":"\n<figure class=\"wp-block-image size-large\"><img loading=\"lazy\" decoding=\"async\" width=\"1024\" height=\"646\" src=\"https:\/\/192.9.200.18\/wordpress\/wp-content\/uploads\/2023\/04\/Auditoria-Facturacion-portada-1024x646.png\" alt=\"\" class=\"wp-image-5824\" srcset=\"http:\/\/192.9.200.18\/wordpress\/wp-content\/uploads\/2023\/04\/Auditoria-Facturacion-portada-1024x646.png 1024w, http:\/\/192.9.200.18\/wordpress\/wp-content\/uploads\/2023\/04\/Auditoria-Facturacion-portada-300x189.png 300w, http:\/\/192.9.200.18\/wordpress\/wp-content\/uploads\/2023\/04\/Auditoria-Facturacion-portada-768x485.png 768w, http:\/\/192.9.200.18\/wordpress\/wp-content\/uploads\/2023\/04\/Auditoria-Facturacion-portada.png 1333w\" sizes=\"auto, (max-width: 1024px) 100vw, 1024px\" \/><\/figure>\n\n\n\n<p class=\"has-white-color has-text-color\">.<\/p>\n\n\n\n<h3 class=\"wp-block-heading has-text-color\" style=\"color:#01114c\"><strong>Procedimiento de presentaci\u00f3n de facturaci\u00f3n<\/strong><\/h3>\n\n\n\n<p>A partir de septiembre de 2022,&nbsp; hay que presentar la facturaci\u00f3n en SOSUNC en forma f\u00edsica. Las modalidades virtuales que habilit\u00f3 nuestra obra social en el contexto de pandemia ya no siguen vigentes.<\/p>\n\n\n\n<p>La presentaci\u00f3n f\u00edsica de la facturaci\u00f3n pasa a ser un requisito general para ambas provincias, R\u00edo Negro y Neuqu\u00e9n. No se diferencia por localidad o regi\u00f3n. No obstante, se mantiene la excepci\u00f3n para quienes lo hacen desde su propio sitio web.<\/p>\n\n\n\n<p>La facturaci\u00f3n y documentaci\u00f3n se recibe en forma f\u00edsica en la sede central de SOSUNC de&nbsp; Avenida Argentina 1273 de Neuqu\u00e9n capital, de lunes a viernes, en horario de 8 a 14. En caso de feriados y asuetos, se reprograma para el siguiente d\u00eda h\u00e1bil.<\/p>\n\n\n\n<p>Se ruega remitir los documentos en sobre cerrado, con la debida identificaci\u00f3n del prestador en el exterior.&nbsp; Por consultas, tienen disponible el mail <a href=\"mailto:controlfacturacion@sosunc.org.ar\">control.facturacion@sosunc.net.ar<\/a>.<\/p>\n","protected":false},"excerpt":{"rendered":"<p>. Procedimiento de presentaci\u00f3n de facturaci\u00f3n A partir de septiembre de 2022,&nbsp; hay que presentar la facturaci\u00f3n en SOSUNC en forma f\u00edsica. Las modalidades virtuales que habilit\u00f3 nuestra obra social en el contexto de pandemia ya no siguen vigentes. La presentaci\u00f3n f\u00edsica de la facturaci\u00f3n pasa a ser un requisito general para ambas provincias, R\u00edo [&hellip;]<\/p>\n","protected":false},"author":1,"featured_media":0,"parent":0,"menu_order":0,"comment_status":"closed","ping_status":"closed","template":"","meta":{"_coblocks_attr":"","_coblocks_dimensions":"","_coblocks_responsive_height":"","_coblocks_accordion_ie_support":"","footnotes":""},"class_list":["post-983","page","type-page","status-publish","hentry"],"yoast_head":"<!-- This site is optimized with the Yoast SEO plugin v26.5 - https:\/\/yoast.com\/wordpress\/plugins\/seo\/ -->\n<title>Auditor\u00eda de Facturaci\u00f3n - SOSUNC<\/title>\n<meta name=\"robots\" content=\"index, follow, max-snippet:-1, max-image-preview:large, max-video-preview:-1\" \/>\n<link rel=\"canonical\" href=\"https:\/\/www.sosunc.org.ar\/web\/?page_id=983\" \/>\n<meta property=\"og:locale\" content=\"es_ES\" \/>\n<meta property=\"og:type\" content=\"article\" \/>\n<meta property=\"og:title\" content=\"Auditor\u00eda de Facturaci\u00f3n - SOSUNC\" \/>\n<meta property=\"og:description\" content=\". Procedimiento de presentaci\u00f3n de facturaci\u00f3n A partir de septiembre de 2022,&nbsp; hay que presentar la facturaci\u00f3n en SOSUNC en forma f\u00edsica. Las modalidades virtuales que habilit\u00f3 nuestra obra social en el contexto de pandemia ya no siguen vigentes. La presentaci\u00f3n f\u00edsica de la facturaci\u00f3n pasa a ser un requisito general para ambas provincias, R\u00edo [&hellip;]\" \/>\n<meta property=\"og:url\" content=\"https:\/\/www.sosunc.org.ar\/web\/?page_id=983\" \/>\n<meta property=\"og:site_name\" content=\"SOSUNC\" \/>\n<meta property=\"article:publisher\" content=\"https:\/\/www.facebook.com\/sosunc.unco\" \/>\n<meta property=\"article:modified_time\" content=\"2025-02-27T16:08:59+00:00\" \/>\n<meta property=\"og:image\" content=\"https:\/\/192.9.200.18\/wordpress\/wp-content\/uploads\/2023\/04\/Auditoria-Facturacion-portada.png\" \/>\n\t<meta property=\"og:image:width\" content=\"1333\" \/>\n\t<meta property=\"og:image:height\" content=\"841\" \/>\n\t<meta property=\"og:image:type\" content=\"image\/png\" \/>\n<meta name=\"twitter:card\" content=\"summary_large_image\" \/>\n<meta name=\"twitter:label1\" content=\"Tiempo de lectura\" \/>\n\t<meta name=\"twitter:data1\" content=\"1 minuto\" \/>\n<script type=\"application\/ld+json\" class=\"yoast-schema-graph\">{\"@context\":\"https:\/\/schema.org\",\"@graph\":[{\"@type\":\"WebPage\",\"@id\":\"https:\/\/www.sosunc.org.ar\/web\/?page_id=983\",\"url\":\"https:\/\/www.sosunc.org.ar\/web\/?page_id=983\",\"name\":\"Auditor\u00eda de Facturaci\u00f3n - SOSUNC\",\"isPartOf\":{\"@id\":\"https:\/\/www.sosunc.org.ar\/web\/#website\"},\"primaryImageOfPage\":{\"@id\":\"https:\/\/www.sosunc.org.ar\/web\/?page_id=983#primaryimage\"},\"image\":{\"@id\":\"https:\/\/www.sosunc.org.ar\/web\/?page_id=983#primaryimage\"},\"thumbnailUrl\":\"https:\/\/192.9.200.18\/wordpress\/wp-content\/uploads\/2023\/04\/Auditoria-Facturacion-portada-1024x646.png\",\"datePublished\":\"2020-07-29T13:28:57+00:00\",\"dateModified\":\"2025-02-27T16:08:59+00:00\",\"breadcrumb\":{\"@id\":\"https:\/\/www.sosunc.org.ar\/web\/?page_id=983#breadcrumb\"},\"inLanguage\":\"es-AR\",\"potentialAction\":[{\"@type\":\"ReadAction\",\"target\":[\"https:\/\/www.sosunc.org.ar\/web\/?page_id=983\"]}]},{\"@type\":\"ImageObject\",\"inLanguage\":\"es-AR\",\"@id\":\"https:\/\/www.sosunc.org.ar\/web\/?page_id=983#primaryimage\",\"url\":\"https:\/\/192.9.200.18\/wordpress\/wp-content\/uploads\/2023\/04\/Auditoria-Facturacion-portada-1024x646.png\",\"contentUrl\":\"https:\/\/192.9.200.18\/wordpress\/wp-content\/uploads\/2023\/04\/Auditoria-Facturacion-portada-1024x646.png\"},{\"@type\":\"BreadcrumbList\",\"@id\":\"https:\/\/www.sosunc.org.ar\/web\/?page_id=983#breadcrumb\",\"itemListElement\":[{\"@type\":\"ListItem\",\"position\":1,\"name\":\"Inicio\",\"item\":\"https:\/\/www.sosunc.org.ar\/web\/\"},{\"@type\":\"ListItem\",\"position\":2,\"name\":\"Auditor\u00eda de Facturaci\u00f3n\"}]},{\"@type\":\"WebSite\",\"@id\":\"https:\/\/www.sosunc.org.ar\/web\/#website\",\"url\":\"https:\/\/www.sosunc.org.ar\/web\/\",\"name\":\"SOSUNC\",\"description\":\"Servicio de Obra Social de la Universidad Nacional del Comahue\",\"publisher\":{\"@id\":\"https:\/\/www.sosunc.org.ar\/web\/#organization\"},\"potentialAction\":[{\"@type\":\"SearchAction\",\"target\":{\"@type\":\"EntryPoint\",\"urlTemplate\":\"https:\/\/www.sosunc.org.ar\/web\/?s={search_term_string}\"},\"query-input\":{\"@type\":\"PropertyValueSpecification\",\"valueRequired\":true,\"valueName\":\"search_term_string\"}}],\"inLanguage\":\"es-AR\"},{\"@type\":\"Organization\",\"@id\":\"https:\/\/www.sosunc.org.ar\/web\/#organization\",\"name\":\"Servicio de Obra Social Universidad Nacional del Comahue\",\"url\":\"https:\/\/www.sosunc.org.ar\/web\/\",\"logo\":{\"@type\":\"ImageObject\",\"inLanguage\":\"es-AR\",\"@id\":\"https:\/\/www.sosunc.org.ar\/web\/#\/schema\/logo\/image\/\",\"url\":\"https:\/\/192.9.200.18\/wordpress\/wp-content\/uploads\/2022\/06\/logososunc.png\",\"contentUrl\":\"https:\/\/192.9.200.18\/wordpress\/wp-content\/uploads\/2022\/06\/logososunc.png\",\"width\":333,\"height\":333,\"caption\":\"Servicio de Obra Social Universidad Nacional del Comahue\"},\"image\":{\"@id\":\"https:\/\/www.sosunc.org.ar\/web\/#\/schema\/logo\/image\/\"},\"sameAs\":[\"https:\/\/www.facebook.com\/sosunc.unco\"]}]}<\/script>\n<!-- \/ Yoast SEO plugin. -->","yoast_head_json":{"title":"Auditor\u00eda de Facturaci\u00f3n - SOSUNC","robots":{"index":"index","follow":"follow","max-snippet":"max-snippet:-1","max-image-preview":"max-image-preview:large","max-video-preview":"max-video-preview:-1"},"canonical":"https:\/\/www.sosunc.org.ar\/web\/?page_id=983","og_locale":"es_ES","og_type":"article","og_title":"Auditor\u00eda de Facturaci\u00f3n - SOSUNC","og_description":". Procedimiento de presentaci\u00f3n de facturaci\u00f3n A partir de septiembre de 2022,&nbsp; hay que presentar la facturaci\u00f3n en SOSUNC en forma f\u00edsica. Las modalidades virtuales que habilit\u00f3 nuestra obra social en el contexto de pandemia ya no siguen vigentes. La presentaci\u00f3n f\u00edsica de la facturaci\u00f3n pasa a ser un requisito general para ambas provincias, R\u00edo [&hellip;]","og_url":"https:\/\/www.sosunc.org.ar\/web\/?page_id=983","og_site_name":"SOSUNC","article_publisher":"https:\/\/www.facebook.com\/sosunc.unco","article_modified_time":"2025-02-27T16:08:59+00:00","og_image":[{"width":1333,"height":841,"url":"https:\/\/192.9.200.18\/wordpress\/wp-content\/uploads\/2023\/04\/Auditoria-Facturacion-portada.png","type":"image\/png"}],"twitter_card":"summary_large_image","twitter_misc":{"Tiempo de lectura":"1 minuto"},"schema":{"@context":"https:\/\/schema.org","@graph":[{"@type":"WebPage","@id":"https:\/\/www.sosunc.org.ar\/web\/?page_id=983","url":"https:\/\/www.sosunc.org.ar\/web\/?page_id=983","name":"Auditor\u00eda de Facturaci\u00f3n - SOSUNC","isPartOf":{"@id":"https:\/\/www.sosunc.org.ar\/web\/#website"},"primaryImageOfPage":{"@id":"https:\/\/www.sosunc.org.ar\/web\/?page_id=983#primaryimage"},"image":{"@id":"https:\/\/www.sosunc.org.ar\/web\/?page_id=983#primaryimage"},"thumbnailUrl":"https:\/\/192.9.200.18\/wordpress\/wp-content\/uploads\/2023\/04\/Auditoria-Facturacion-portada-1024x646.png","datePublished":"2020-07-29T13:28:57+00:00","dateModified":"2025-02-27T16:08:59+00:00","breadcrumb":{"@id":"https:\/\/www.sosunc.org.ar\/web\/?page_id=983#breadcrumb"},"inLanguage":"es-AR","potentialAction":[{"@type":"ReadAction","target":["https:\/\/www.sosunc.org.ar\/web\/?page_id=983"]}]},{"@type":"ImageObject","inLanguage":"es-AR","@id":"https:\/\/www.sosunc.org.ar\/web\/?page_id=983#primaryimage","url":"https:\/\/192.9.200.18\/wordpress\/wp-content\/uploads\/2023\/04\/Auditoria-Facturacion-portada-1024x646.png","contentUrl":"https:\/\/192.9.200.18\/wordpress\/wp-content\/uploads\/2023\/04\/Auditoria-Facturacion-portada-1024x646.png"},{"@type":"BreadcrumbList","@id":"https:\/\/www.sosunc.org.ar\/web\/?page_id=983#breadcrumb","itemListElement":[{"@type":"ListItem","position":1,"name":"Inicio","item":"https:\/\/www.sosunc.org.ar\/web\/"},{"@type":"ListItem","position":2,"name":"Auditor\u00eda de Facturaci\u00f3n"}]},{"@type":"WebSite","@id":"https:\/\/www.sosunc.org.ar\/web\/#website","url":"https:\/\/www.sosunc.org.ar\/web\/","name":"SOSUNC","description":"Servicio de Obra Social de la Universidad Nacional del Comahue","publisher":{"@id":"https:\/\/www.sosunc.org.ar\/web\/#organization"},"potentialAction":[{"@type":"SearchAction","target":{"@type":"EntryPoint","urlTemplate":"https:\/\/www.sosunc.org.ar\/web\/?s={search_term_string}"},"query-input":{"@type":"PropertyValueSpecification","valueRequired":true,"valueName":"search_term_string"}}],"inLanguage":"es-AR"},{"@type":"Organization","@id":"https:\/\/www.sosunc.org.ar\/web\/#organization","name":"Servicio de Obra Social Universidad Nacional del Comahue","url":"https:\/\/www.sosunc.org.ar\/web\/","logo":{"@type":"ImageObject","inLanguage":"es-AR","@id":"https:\/\/www.sosunc.org.ar\/web\/#\/schema\/logo\/image\/","url":"https:\/\/192.9.200.18\/wordpress\/wp-content\/uploads\/2022\/06\/logososunc.png","contentUrl":"https:\/\/192.9.200.18\/wordpress\/wp-content\/uploads\/2022\/06\/logososunc.png","width":333,"height":333,"caption":"Servicio de Obra Social Universidad Nacional del Comahue"},"image":{"@id":"https:\/\/www.sosunc.org.ar\/web\/#\/schema\/logo\/image\/"},"sameAs":["https:\/\/www.facebook.com\/sosunc.unco"]}]}},"_links":{"self":[{"href":"https:\/\/www.sosunc.org.ar\/web\/index.php?rest_route=\/wp\/v2\/pages\/983","targetHints":{"allow":["GET"]}}],"collection":[{"href":"https:\/\/www.sosunc.org.ar\/web\/index.php?rest_route=\/wp\/v2\/pages"}],"about":[{"href":"https:\/\/www.sosunc.org.ar\/web\/index.php?rest_route=\/wp\/v2\/types\/page"}],"author":[{"embeddable":true,"href":"https:\/\/www.sosunc.org.ar\/web\/index.php?rest_route=\/wp\/v2\/users\/1"}],"replies":[{"embeddable":true,"href":"https:\/\/www.sosunc.org.ar\/web\/index.php?rest_route=%2Fwp%2Fv2%2Fcomments&post=983"}],"version-history":[{"count":30,"href":"https:\/\/www.sosunc.org.ar\/web\/index.php?rest_route=\/wp\/v2\/pages\/983\/revisions"}],"predecessor-version":[{"id":8806,"href":"https:\/\/www.sosunc.org.ar\/web\/index.php?rest_route=\/wp\/v2\/pages\/983\/revisions\/8806"}],"wp:attachment":[{"href":"https:\/\/www.sosunc.org.ar\/web\/index.php?rest_route=%2Fwp%2Fv2%2Fmedia&parent=983"}],"curies":[{"name":"wp","href":"https:\/\/api.w.org\/{rel}","templated":true}]}}

Auditoría de Facturación

<figure class="wp-block-image size-large"><img loading="lazy" decoding="async" width="1024" height="646" src="https://192.9.200.18/wordpress/wp-content/uploads/2023/04/Auditoria-Facturacion-portada-1024x646.png" alt="" class="wp-image-5824" srcset="http://192.9.200.18/wordpress/wp-content/uploads/2023/04/Auditoria-Facturacion-portada-1024x646.png 1024w, http://192.9.200.18/wordpress/wp-content/uploads/2023/04/Auditoria-Facturacion-portada-300x189.png 300w, http://192.9.200.18/wordpress/wp-content/uploads/2023/04/Auditoria-Facturacion-portada-768x485.png 768w, http://192.9.200.18/wordpress/wp-content/uploads/2023/04/Auditoria-Facturacion-portada.png 1333w" sizes="auto, (max-width: 1024px) 100vw, 1024px" /></figure>



<p class="has-white-color has-text-color">.</p>



<h3 class="wp-block-heading has-text-color" style="color:#01114c"><strong>Procedimiento de presentación de facturación</strong></h3>



<p>A partir de septiembre de 2022,&nbsp; hay que presentar la facturación en SOSUNC en forma física. Las modalidades virtuales que habilitó nuestra obra social en el contexto de pandemia ya no siguen vigentes.</p>



<p>La presentación física de la facturación pasa a ser un requisito general para ambas provincias, Río Negro y Neuquén. No se diferencia por localidad o región. No obstante, se mantiene la excepción para quienes lo hacen desde su propio sitio web.</p>



<p>La facturación y documentación se recibe en forma física en la sede central de SOSUNC de&nbsp; Avenida Argentina 1273 de Neuquén capital, de lunes a viernes, en horario de 8 a 14. En caso de feriados y asuetos, se reprograma para el siguiente día hábil.</p>



<p>Se ruega remitir los documentos en sobre cerrado, con la debida identificación del prestador en el exterior.&nbsp; Por consultas, tienen disponible el mail <a href="mailto:controlfacturacion@sosunc.org.ar">control.facturacion@sosunc.net.ar</a>.</p>

<p>. Procedimiento de presentación de facturación A partir de septiembre de 2022,&nbsp; hay que presentar la facturación en SOSUNC en forma física. Las modalidades virtuales que habilitó nuestra obra social en el contexto de pandemia ya no siguen vigentes. La presentación física de la facturación pasa a ser un requisito general para ambas provincias, Río [&hellip;]</p>

<!-- This site is optimized with the Yoast SEO plugin v26.5 - https://yoast.com/wordpress/plugins/seo/ -->
<title>Auditoría de Facturación - SOSUNC</title>
<meta name="robots" content="index, follow, max-snippet:-1, max-image-preview:large, max-video-preview:-1" />
<link rel="canonical" href="https://www.sosunc.org.ar/web/?page_id=983" />
<meta property="og:locale" content="es_ES" />
<meta property="og:type" content="article" />
<meta property="og:title" content="Auditoría de Facturación - SOSUNC" />
<meta property="og:description" content=". Procedimiento de presentación de facturación A partir de septiembre de 2022,&nbsp; hay que presentar la facturación en SOSUNC en forma física. Las modalidades virtuales que habilitó nuestra obra social en el contexto de pandemia ya no siguen vigentes. La presentación física de la facturación pasa a ser un requisito general para ambas provincias, Río [&hellip;]" />
<meta property="og:url" content="https://www.sosunc.org.ar/web/?page_id=983" />
<meta property="og:site_name" content="SOSUNC" />
<meta property="article:publisher" content="https://www.facebook.com/sosunc.unco" />
<meta property="article:modified_time" content="2025-02-27T16:08:59+00:00" />
<meta property="og:image" content="https://192.9.200.18/wordpress/wp-content/uploads/2023/04/Auditoria-Facturacion-portada.png" />
	<meta property="og:image:width" content="1333" />
	<meta property="og:image:height" content="841" />
	<meta property="og:image:type" content="image/png" />
<meta name="twitter:card" content="summary_large_image" />
<meta name="twitter:label1" content="Tiempo de lectura" />
	<meta name="twitter:data1" content="1 minuto" />
<script type="application/ld+json" class="yoast-schema-graph">{"@context":"https://schema.org","@graph":[{"@type":"WebPage","@id":"https://www.sosunc.org.ar/web/?page_id=983","url":"https://www.sosunc.org.ar/web/?page_id=983","name":"Auditoría de Facturación - SOSUNC","isPartOf":{"@id":"https://www.sosunc.org.ar/web/#website"},"primaryImageOfPage":{"@id":"https://www.sosunc.org.ar/web/?page_id=983#primaryimage"},"image":{"@id":"https://www.sosunc.org.ar/web/?page_id=983#primaryimage"},"thumbnailUrl":"https://192.9.200.18/wordpress/wp-content/uploads/2023/04/Auditoria-Facturacion-portada-1024x646.png","datePublished":"2020-07-29T13:28:57+00:00","dateModified":"2025-02-27T16:08:59+00:00","breadcrumb":{"@id":"https://www.sosunc.org.ar/web/?page_id=983#breadcrumb"},"inLanguage":"es-AR","potentialAction":[{"@type":"ReadAction","target":["https://www.sosunc.org.ar/web/?page_id=983"]}]},{"@type":"ImageObject","inLanguage":"es-AR","@id":"https://www.sosunc.org.ar/web/?page_id=983#primaryimage","url":"https://192.9.200.18/wordpress/wp-content/uploads/2023/04/Auditoria-Facturacion-portada-1024x646.png","contentUrl":"https://192.9.200.18/wordpress/wp-content/uploads/2023/04/Auditoria-Facturacion-portada-1024x646.png"},{"@type":"BreadcrumbList","@id":"https://www.sosunc.org.ar/web/?page_id=983#breadcrumb","itemListElement":[{"@type":"ListItem","position":1,"name":"Inicio","item":"https://www.sosunc.org.ar/web/"},{"@type":"ListItem","position":2,"name":"Auditoría de Facturación"}]},{"@type":"WebSite","@id":"https://www.sosunc.org.ar/web/#website","url":"https://www.sosunc.org.ar/web/","name":"SOSUNC","description":"Servicio de Obra Social de la Universidad Nacional del Comahue","publisher":{"@id":"https://www.sosunc.org.ar/web/#organization"},"potentialAction":[{"@type":"SearchAction","target":{"@type":"EntryPoint","urlTemplate":"https://www.sosunc.org.ar/web/?s={search_term_string}"},"query-input":{"@type":"PropertyValueSpecification","valueRequired":true,"valueName":"search_term_string"}}],"inLanguage":"es-AR"},{"@type":"Organization","@id":"https://www.sosunc.org.ar/web/#organization","name":"Servicio de Obra Social Universidad Nacional del Comahue","url":"https://www.sosunc.org.ar/web/","logo":{"@type":"ImageObject","inLanguage":"es-AR","@id":"https://www.sosunc.org.ar/web/#/schema/logo/image/","url":"https://192.9.200.18/wordpress/wp-content/uploads/2022/06/logososunc.png","contentUrl":"https://192.9.200.18/wordpress/wp-content/uploads/2022/06/logososunc.png","width":333,"height":333,"caption":"Servicio de Obra Social Universidad Nacional del Comahue"},"image":{"@id":"https://www.sosunc.org.ar/web/#/schema/logo/image/"},"sameAs":["https://www.facebook.com/sosunc.unco"]}]}</script>
<!-- / Yoast SEO plugin. -->

Auditoría de Facturación - SOSUNC

. Procedimiento de presentación de facturación A partir de septiembre de 2022,&nbsp; hay que presentar la facturación en SOSUNC en forma física. Las modalidades virtuales que habilitó nuestra obra social en el contexto de pandemia ya no siguen vigentes. La presentación física de la facturación pasa a ser un requisito general para ambas provincias, Río [&hellip;]
