{"id":3681,"date":"2022-08-02T12:36:37","date_gmt":"2022-08-02T15:36:37","guid":{"rendered":"https:\/\/www.sosunc.org.ar\/web\/?page_id=3681"},"modified":"2025-12-30T13:12:13","modified_gmt":"2025-12-30T16:12:13","slug":"programa-diabetes","status":"publish","type":"page","link":"https:\/\/www.sosunc.org.ar\/web\/?page_id=3681","title":{"rendered":"Formularios para descargar"},"content":{"rendered":"\n<p><\/p>\n\n\n\n<figure class=\"wp-block-image size-large\"><img loading=\"lazy\" decoding=\"async\" width=\"1024\" height=\"646\" src=\"\/web\/wp-content\/uploads\/2025\/08\/Planillas-y-Formularios-portada-1024x646.png\" alt=\"\" class=\"wp-image-9497\" srcset=\"http:\/\/192.9.200.18\/wordpress\/wp-content\/uploads\/2025\/08\/Planillas-y-Formularios-portada-1024x646.png 1024w, http:\/\/192.9.200.18\/wordpress\/wp-content\/uploads\/2025\/08\/Planillas-y-Formularios-portada-300x189.png 300w, http:\/\/192.9.200.18\/wordpress\/wp-content\/uploads\/2025\/08\/Planillas-y-Formularios-portada-768x485.png 768w, http:\/\/192.9.200.18\/wordpress\/wp-content\/uploads\/2025\/08\/Planillas-y-Formularios-portada.png 1333w\" sizes=\"auto, (max-width: 1024px) 100vw, 1024px\" \/><\/figure>\n\n\n\n<p class=\"has-white-color has-text-color has-link-color wp-elements-c645e628e62f8fbab9d9726851472d16\"><\/p>\n\n\n\n<p>En esta secci\u00f3n,  compartimos las planillas y formularios utilizados para los tr\u00e1mites que realizan nuestros afiliados y afiliadas. <\/p>\n\n\n\n<p>Seleccione el \u00e1rea correspondiente y descargue el documento para completar, escanear y presentar en su delegaci\u00f3n de SOSUNC m\u00e1s cercana.<\/p>\n\n\n\n<p> Puede hacer el tr\u00e1mite en forma presencial o virtual, a trav\u00e9s de los contactos de Whatsapp y correo electr\u00f3nico que detallamos en el siguiente enlace: <a href=\"https:\/\/www.sosunc.org.ar\/web\/?page_id=627\" target=\"_blank\" rel=\"noreferrer noopener\">CONTACTOS POR LOCALIDAD<\/a><\/p>\n\n\n\n<p class=\"has-white-color has-text-color has-link-color wp-elements-7e4ac651328708ea719ac0894fa30934\">.<\/p>\n\n\n\n<figure class=\"wp-block-image size-large is-resized\"><a href=\"https:\/\/www.sosunc.org.ar\/web\/?page_id=4665\"><img loading=\"lazy\" decoding=\"async\" width=\"1024\" height=\"295\" src=\"\/web\/wp-content\/uploads\/2022\/10\/atencion-al-afiliadx-1024x295.png\" alt=\"\" class=\"wp-image-4657\" style=\"width:571px;height:164px\" srcset=\"http:\/\/192.9.200.18\/wordpress\/wp-content\/uploads\/2022\/10\/atencion-al-afiliadx-1024x295.png 1024w, http:\/\/192.9.200.18\/wordpress\/wp-content\/uploads\/2022\/10\/atencion-al-afiliadx-300x86.png 300w, http:\/\/192.9.200.18\/wordpress\/wp-content\/uploads\/2022\/10\/atencion-al-afiliadx-768x221.png 768w, http:\/\/192.9.200.18\/wordpress\/wp-content\/uploads\/2022\/10\/atencion-al-afiliadx.png 1333w\" sizes=\"auto, (max-width: 1024px) 100vw, 1024px\" \/><\/a><\/figure>\n\n\n\n<figure class=\"wp-block-image size-large is-resized\"><a href=\"https:\/\/www.sosunc.org.ar\/web\/?page_id=5112\"><img loading=\"lazy\" decoding=\"async\" width=\"1024\" height=\"295\" src=\"\/web\/wp-content\/uploads\/2022\/10\/psico-1-1024x295.png\" alt=\"\" class=\"wp-image-4687\" style=\"width:576px;height:166px\" srcset=\"http:\/\/192.9.200.18\/wordpress\/wp-content\/uploads\/2022\/10\/psico-1-1024x295.png 1024w, http:\/\/192.9.200.18\/wordpress\/wp-content\/uploads\/2022\/10\/psico-1-300x86.png 300w, http:\/\/192.9.200.18\/wordpress\/wp-content\/uploads\/2022\/10\/psico-1-768x221.png 768w, http:\/\/192.9.200.18\/wordpress\/wp-content\/uploads\/2022\/10\/psico-1.png 1333w\" sizes=\"auto, (max-width: 1024px) 100vw, 1024px\" \/><\/a><\/figure>\n\n\n\n<figure class=\"wp-block-image size-large is-resized\"><a href=\"https:\/\/www.sosunc.org.ar\/web\/?page_id=5077\"><img loading=\"lazy\" decoding=\"async\" width=\"1024\" height=\"295\" src=\"\/web\/wp-content\/uploads\/2022\/11\/Plan-discapacidad-1024x295.png\" alt=\"\" class=\"wp-image-5075\" style=\"width:579px;height:167px\" srcset=\"http:\/\/192.9.200.18\/wordpress\/wp-content\/uploads\/2022\/11\/Plan-discapacidad-1024x295.png 1024w, http:\/\/192.9.200.18\/wordpress\/wp-content\/uploads\/2022\/11\/Plan-discapacidad-300x86.png 300w, http:\/\/192.9.200.18\/wordpress\/wp-content\/uploads\/2022\/11\/Plan-discapacidad-768x221.png 768w, http:\/\/192.9.200.18\/wordpress\/wp-content\/uploads\/2022\/11\/Plan-discapacidad.png 1333w\" sizes=\"auto, (max-width: 1024px) 100vw, 1024px\" \/><\/a><\/figure>\n\n\n\n<figure class=\"wp-block-image size-large is-resized has-lightbox\"><a href=\"https:\/\/www.sosunc.org.ar\/web\/?page_id=5050\" target=\"_blank\" rel=\" noreferrer noopener\"><img loading=\"lazy\" decoding=\"async\" width=\"1024\" height=\"295\" src=\"https:\/\/192.9.200.18\/wordpress\/wp-content\/uploads\/2025\/12\/Acceso-Planes-y-Tratamientos-1-1024x295.png\" alt=\"\" class=\"wp-image-10016\" style=\"width:571px;height:164px\" srcset=\"http:\/\/192.9.200.18\/wordpress\/wp-content\/uploads\/2025\/12\/Acceso-Planes-y-Tratamientos-1-1024x295.png 1024w, http:\/\/192.9.200.18\/wordpress\/wp-content\/uploads\/2025\/12\/Acceso-Planes-y-Tratamientos-1-300x86.png 300w, http:\/\/192.9.200.18\/wordpress\/wp-content\/uploads\/2025\/12\/Acceso-Planes-y-Tratamientos-1-768x221.png 768w, http:\/\/192.9.200.18\/wordpress\/wp-content\/uploads\/2025\/12\/Acceso-Planes-y-Tratamientos-1.png 1333w\" sizes=\"auto, (max-width: 1024px) 100vw, 1024px\" \/><\/a><\/figure>\n\n\n\n<figure class=\"wp-block-image size-large is-resized\"><a href=\"https:\/\/www.sosunc.org.ar\/web\/?page_id=5101\"><img loading=\"lazy\" decoding=\"async\" width=\"1024\" height=\"295\" src=\"\/web\/wp-content\/uploads\/2022\/10\/deriv.e-int-1024x295.png\" alt=\"\" class=\"wp-image-4658\" style=\"width:575px;height:166px\" srcset=\"http:\/\/192.9.200.18\/wordpress\/wp-content\/uploads\/2022\/10\/deriv.e-int-1024x295.png 1024w, http:\/\/192.9.200.18\/wordpress\/wp-content\/uploads\/2022\/10\/deriv.e-int-300x86.png 300w, http:\/\/192.9.200.18\/wordpress\/wp-content\/uploads\/2022\/10\/deriv.e-int-768x221.png 768w, http:\/\/192.9.200.18\/wordpress\/wp-content\/uploads\/2022\/10\/deriv.e-int.png 1333w\" sizes=\"auto, (max-width: 1024px) 100vw, 1024px\" \/><\/a><\/figure>\n","protected":false},"excerpt":{"rendered":"<p>En esta secci\u00f3n, compartimos las planillas y formularios utilizados para los tr\u00e1mites que realizan nuestros afiliados y afiliadas. Seleccione el \u00e1rea correspondiente y descargue el documento para completar, escanear y presentar en su delegaci\u00f3n de SOSUNC m\u00e1s cercana. Puede hacer el tr\u00e1mite en forma presencial o virtual, a trav\u00e9s de los contactos de Whatsapp y [&hellip;]<\/p>\n","protected":false},"author":3,"featured_media":0,"parent":244,"menu_order":0,"comment_status":"closed","ping_status":"closed","template":"","meta":{"_coblocks_attr":"","_coblocks_dimensions":"","_coblocks_responsive_height":"","_coblocks_accordion_ie_support":"","footnotes":""},"class_list":["post-3681","page","type-page","status-publish","hentry"],"yoast_head":"<!-- This site is optimized with the Yoast SEO plugin v26.5 - https:\/\/yoast.com\/wordpress\/plugins\/seo\/ -->\n<title>Formularios para descargar - SOSUNC<\/title>\n<meta name=\"robots\" content=\"index, follow, max-snippet:-1, max-image-preview:large, max-video-preview:-1\" \/>\n<link rel=\"canonical\" href=\"https:\/\/www.sosunc.org.ar\/web\/?page_id=3681\" \/>\n<meta property=\"og:locale\" content=\"es_ES\" \/>\n<meta property=\"og:type\" content=\"article\" \/>\n<meta property=\"og:title\" content=\"Formularios para descargar - SOSUNC\" \/>\n<meta property=\"og:description\" content=\"En esta secci\u00f3n, compartimos las planillas y formularios utilizados para los tr\u00e1mites que realizan nuestros afiliados y afiliadas. Seleccione el \u00e1rea correspondiente y descargue el documento para completar, escanear y presentar en su delegaci\u00f3n de SOSUNC m\u00e1s cercana. Puede hacer el tr\u00e1mite en forma presencial o virtual, a trav\u00e9s de los contactos de Whatsapp y [&hellip;]\" \/>\n<meta property=\"og:url\" content=\"https:\/\/www.sosunc.org.ar\/web\/?page_id=3681\" \/>\n<meta property=\"og:site_name\" content=\"SOSUNC\" \/>\n<meta property=\"article:publisher\" content=\"https:\/\/www.facebook.com\/sosunc.unco\" \/>\n<meta property=\"article:modified_time\" content=\"2025-12-30T16:12:13+00:00\" \/>\n<meta property=\"og:image\" content=\"https:\/\/192.9.200.18\/wordpress\/wp-content\/uploads\/2025\/12\/Acceso-Planes-y-Tratamientos-1-1024x295.png\" \/>\n<meta name=\"twitter:card\" content=\"summary_large_image\" \/>\n<meta name=\"twitter:label1\" content=\"Tiempo de lectura\" \/>\n\t<meta name=\"twitter:data1\" content=\"2 minutos\" \/>\n<script type=\"application\/ld+json\" class=\"yoast-schema-graph\">{\"@context\":\"https:\/\/schema.org\",\"@graph\":[{\"@type\":\"WebPage\",\"@id\":\"https:\/\/www.sosunc.org.ar\/web\/?page_id=3681\",\"url\":\"https:\/\/www.sosunc.org.ar\/web\/?page_id=3681\",\"name\":\"Formularios para descargar - SOSUNC\",\"isPartOf\":{\"@id\":\"https:\/\/www.sosunc.org.ar\/web\/#website\"},\"primaryImageOfPage\":{\"@id\":\"https:\/\/www.sosunc.org.ar\/web\/?page_id=3681#primaryimage\"},\"image\":{\"@id\":\"https:\/\/www.sosunc.org.ar\/web\/?page_id=3681#primaryimage\"},\"thumbnailUrl\":\"https:\/\/192.9.200.18\/wordpress\/wp-content\/uploads\/2025\/12\/Acceso-Planes-y-Tratamientos-1-1024x295.png\",\"datePublished\":\"2022-08-02T15:36:37+00:00\",\"dateModified\":\"2025-12-30T16:12:13+00:00\",\"breadcrumb\":{\"@id\":\"https:\/\/www.sosunc.org.ar\/web\/?page_id=3681#breadcrumb\"},\"inLanguage\":\"es-AR\",\"potentialAction\":[{\"@type\":\"ReadAction\",\"target\":[\"https:\/\/www.sosunc.org.ar\/web\/?page_id=3681\"]}]},{\"@type\":\"ImageObject\",\"inLanguage\":\"es-AR\",\"@id\":\"https:\/\/www.sosunc.org.ar\/web\/?page_id=3681#primaryimage\",\"url\":\"https:\/\/192.9.200.18\/wordpress\/wp-content\/uploads\/2025\/12\/Acceso-Planes-y-Tratamientos-1-1024x295.png\",\"contentUrl\":\"https:\/\/192.9.200.18\/wordpress\/wp-content\/uploads\/2025\/12\/Acceso-Planes-y-Tratamientos-1-1024x295.png\"},{\"@type\":\"BreadcrumbList\",\"@id\":\"https:\/\/www.sosunc.org.ar\/web\/?page_id=3681#breadcrumb\",\"itemListElement\":[{\"@type\":\"ListItem\",\"position\":1,\"name\":\"Inicio\",\"item\":\"https:\/\/www.sosunc.org.ar\/web\/\"},{\"@type\":\"ListItem\",\"position\":2,\"name\":\"Obra Social\",\"item\":\"https:\/\/www.sosunc.org.ar\/web\/?page_id=244\"},{\"@type\":\"ListItem\",\"position\":3,\"name\":\"Formularios para descargar\"}]},{\"@type\":\"WebSite\",\"@id\":\"https:\/\/www.sosunc.org.ar\/web\/#website\",\"url\":\"https:\/\/www.sosunc.org.ar\/web\/\",\"name\":\"SOSUNC\",\"description\":\"Servicio de Obra Social de la Universidad Nacional del Comahue\",\"publisher\":{\"@id\":\"https:\/\/www.sosunc.org.ar\/web\/#organization\"},\"potentialAction\":[{\"@type\":\"SearchAction\",\"target\":{\"@type\":\"EntryPoint\",\"urlTemplate\":\"https:\/\/www.sosunc.org.ar\/web\/?s={search_term_string}\"},\"query-input\":{\"@type\":\"PropertyValueSpecification\",\"valueRequired\":true,\"valueName\":\"search_term_string\"}}],\"inLanguage\":\"es-AR\"},{\"@type\":\"Organization\",\"@id\":\"https:\/\/www.sosunc.org.ar\/web\/#organization\",\"name\":\"Servicio de Obra Social Universidad Nacional del Comahue\",\"url\":\"https:\/\/www.sosunc.org.ar\/web\/\",\"logo\":{\"@type\":\"ImageObject\",\"inLanguage\":\"es-AR\",\"@id\":\"https:\/\/www.sosunc.org.ar\/web\/#\/schema\/logo\/image\/\",\"url\":\"https:\/\/192.9.200.18\/wordpress\/wp-content\/uploads\/2022\/06\/logososunc.png\",\"contentUrl\":\"https:\/\/192.9.200.18\/wordpress\/wp-content\/uploads\/2022\/06\/logososunc.png\",\"width\":333,\"height\":333,\"caption\":\"Servicio de Obra Social Universidad Nacional del Comahue\"},\"image\":{\"@id\":\"https:\/\/www.sosunc.org.ar\/web\/#\/schema\/logo\/image\/\"},\"sameAs\":[\"https:\/\/www.facebook.com\/sosunc.unco\"]}]}<\/script>\n<!-- \/ Yoast SEO plugin. -->","yoast_head_json":{"title":"Formularios para descargar - SOSUNC","robots":{"index":"index","follow":"follow","max-snippet":"max-snippet:-1","max-image-preview":"max-image-preview:large","max-video-preview":"max-video-preview:-1"},"canonical":"https:\/\/www.sosunc.org.ar\/web\/?page_id=3681","og_locale":"es_ES","og_type":"article","og_title":"Formularios para descargar - SOSUNC","og_description":"En esta secci\u00f3n, compartimos las planillas y formularios utilizados para los tr\u00e1mites que realizan nuestros afiliados y afiliadas. Seleccione el \u00e1rea correspondiente y descargue el documento para completar, escanear y presentar en su delegaci\u00f3n de SOSUNC m\u00e1s cercana. Puede hacer el tr\u00e1mite en forma presencial o virtual, a trav\u00e9s de los contactos de Whatsapp y [&hellip;]","og_url":"https:\/\/www.sosunc.org.ar\/web\/?page_id=3681","og_site_name":"SOSUNC","article_publisher":"https:\/\/www.facebook.com\/sosunc.unco","article_modified_time":"2025-12-30T16:12:13+00:00","og_image":[{"url":"https:\/\/192.9.200.18\/wordpress\/wp-content\/uploads\/2025\/12\/Acceso-Planes-y-Tratamientos-1-1024x295.png","type":"","width":"","height":""}],"twitter_card":"summary_large_image","twitter_misc":{"Tiempo de lectura":"2 minutos"},"schema":{"@context":"https:\/\/schema.org","@graph":[{"@type":"WebPage","@id":"https:\/\/www.sosunc.org.ar\/web\/?page_id=3681","url":"https:\/\/www.sosunc.org.ar\/web\/?page_id=3681","name":"Formularios para descargar - SOSUNC","isPartOf":{"@id":"https:\/\/www.sosunc.org.ar\/web\/#website"},"primaryImageOfPage":{"@id":"https:\/\/www.sosunc.org.ar\/web\/?page_id=3681#primaryimage"},"image":{"@id":"https:\/\/www.sosunc.org.ar\/web\/?page_id=3681#primaryimage"},"thumbnailUrl":"https:\/\/192.9.200.18\/wordpress\/wp-content\/uploads\/2025\/12\/Acceso-Planes-y-Tratamientos-1-1024x295.png","datePublished":"2022-08-02T15:36:37+00:00","dateModified":"2025-12-30T16:12:13+00:00","breadcrumb":{"@id":"https:\/\/www.sosunc.org.ar\/web\/?page_id=3681#breadcrumb"},"inLanguage":"es-AR","potentialAction":[{"@type":"ReadAction","target":["https:\/\/www.sosunc.org.ar\/web\/?page_id=3681"]}]},{"@type":"ImageObject","inLanguage":"es-AR","@id":"https:\/\/www.sosunc.org.ar\/web\/?page_id=3681#primaryimage","url":"https:\/\/192.9.200.18\/wordpress\/wp-content\/uploads\/2025\/12\/Acceso-Planes-y-Tratamientos-1-1024x295.png","contentUrl":"https:\/\/192.9.200.18\/wordpress\/wp-content\/uploads\/2025\/12\/Acceso-Planes-y-Tratamientos-1-1024x295.png"},{"@type":"BreadcrumbList","@id":"https:\/\/www.sosunc.org.ar\/web\/?page_id=3681#breadcrumb","itemListElement":[{"@type":"ListItem","position":1,"name":"Inicio","item":"https:\/\/www.sosunc.org.ar\/web\/"},{"@type":"ListItem","position":2,"name":"Obra Social","item":"https:\/\/www.sosunc.org.ar\/web\/?page_id=244"},{"@type":"ListItem","position":3,"name":"Formularios para descargar"}]},{"@type":"WebSite","@id":"https:\/\/www.sosunc.org.ar\/web\/#website","url":"https:\/\/www.sosunc.org.ar\/web\/","name":"SOSUNC","description":"Servicio de Obra Social de la Universidad Nacional del Comahue","publisher":{"@id":"https:\/\/www.sosunc.org.ar\/web\/#organization"},"potentialAction":[{"@type":"SearchAction","target":{"@type":"EntryPoint","urlTemplate":"https:\/\/www.sosunc.org.ar\/web\/?s={search_term_string}"},"query-input":{"@type":"PropertyValueSpecification","valueRequired":true,"valueName":"search_term_string"}}],"inLanguage":"es-AR"},{"@type":"Organization","@id":"https:\/\/www.sosunc.org.ar\/web\/#organization","name":"Servicio de Obra Social Universidad Nacional del Comahue","url":"https:\/\/www.sosunc.org.ar\/web\/","logo":{"@type":"ImageObject","inLanguage":"es-AR","@id":"https:\/\/www.sosunc.org.ar\/web\/#\/schema\/logo\/image\/","url":"https:\/\/192.9.200.18\/wordpress\/wp-content\/uploads\/2022\/06\/logososunc.png","contentUrl":"https:\/\/192.9.200.18\/wordpress\/wp-content\/uploads\/2022\/06\/logososunc.png","width":333,"height":333,"caption":"Servicio de Obra Social Universidad Nacional del Comahue"},"image":{"@id":"https:\/\/www.sosunc.org.ar\/web\/#\/schema\/logo\/image\/"},"sameAs":["https:\/\/www.facebook.com\/sosunc.unco"]}]}},"_links":{"self":[{"href":"https:\/\/www.sosunc.org.ar\/web\/index.php?rest_route=\/wp\/v2\/pages\/3681","targetHints":{"allow":["GET"]}}],"collection":[{"href":"https:\/\/www.sosunc.org.ar\/web\/index.php?rest_route=\/wp\/v2\/pages"}],"about":[{"href":"https:\/\/www.sosunc.org.ar\/web\/index.php?rest_route=\/wp\/v2\/types\/page"}],"author":[{"embeddable":true,"href":"https:\/\/www.sosunc.org.ar\/web\/index.php?rest_route=\/wp\/v2\/users\/3"}],"replies":[{"embeddable":true,"href":"https:\/\/www.sosunc.org.ar\/web\/index.php?rest_route=%2Fwp%2Fv2%2Fcomments&post=3681"}],"version-history":[{"count":39,"href":"https:\/\/www.sosunc.org.ar\/web\/index.php?rest_route=\/wp\/v2\/pages\/3681\/revisions"}],"predecessor-version":[{"id":10022,"href":"https:\/\/www.sosunc.org.ar\/web\/index.php?rest_route=\/wp\/v2\/pages\/3681\/revisions\/10022"}],"up":[{"embeddable":true,"href":"https:\/\/www.sosunc.org.ar\/web\/index.php?rest_route=\/wp\/v2\/pages\/244"}],"wp:attachment":[{"href":"https:\/\/www.sosunc.org.ar\/web\/index.php?rest_route=%2Fwp%2Fv2%2Fmedia&parent=3681"}],"curies":[{"name":"wp","href":"https:\/\/api.w.org\/{rel}","templated":true}]}}