{"id":244,"date":"2020-05-29T22:47:37","date_gmt":"2020-05-30T01:47:37","guid":{"rendered":"http:\/\/170.210.80.98:8385\/wordpress\/?page_id=244"},"modified":"2025-12-05T08:22:13","modified_gmt":"2025-12-05T11:22:13","slug":"obra-social","status":"publish","type":"page","link":"https:\/\/www.sosunc.org.ar\/web\/?page_id=244","title":{"rendered":"Obra Social"},"content":{"rendered":"\n<h3 class=\"wp-block-heading has-text-color\" style=\"color:#23418d\">SOSUNC<\/h3>\n\n\n\n<p>El Servicio de Obra Social de la Universidad Nacional del Comahue, SOSUNC, suma m\u00e1s de 45 a\u00f1os trabajando por el derecho a la salud, bienestar y recreaci\u00f3n de las y los trabajadores de esta casa de estudios.<\/p>\n\n\n\n<figure class=\"wp-block-image size-large\"><img loading=\"lazy\" decoding=\"async\" width=\"1024\" height=\"438\" src=\"http:\/\/192.9.200.18\/wordpress\/wp-content\/uploads\/2020\/03\/portada-farmacia-sosunc.png\" alt=\"\" class=\"wp-image-18\"\/><\/figure>\n\n\n\n<p><\/p>\n\n\n\n<div class=\"wp-block-coblocks-accordion\">\n<div class=\"wp-block-coblocks-accordion-item\"><details><summary class=\"wp-block-coblocks-accordion-item__title has-background has-text-color has-black-color\" style=\"background-color:#c1d9fe\">Autoridades<\/summary><div class=\"wp-block-coblocks-accordion-item__content\" style=\"border-color:#c1d9fe\">\n<p>El Consejo de Administraci\u00f3n de SOSUNC est\u00e1 integrado por:<\/p>\n\n\n\n<h5 class=\"wp-block-heading\"><mark style=\"background-color:rgba(0, 0, 0, 0);color:#12236f\" class=\"has-inline-color\">Presidencia:<\/mark> <strong>Prof. Silvia Vilchez<\/strong><\/h5>\n\n\n\n<h5 class=\"wp-block-heading\"><mark style=\"background-color:rgba(0, 0, 0, 0);color:#12236f\" class=\"has-inline-color\">Vicepresidencia:<\/mark> Liliana Palacios<\/h5>\n\n\n\n<h5 class=\"wp-block-heading\"><mark style=\"background-color:rgba(0, 0, 0, 0);color:#12236f\" class=\"has-inline-color\">Secretar\u00eda:<\/mark> <strong>Lic. Ariel Sarricouet<\/strong><\/h5>\n\n\n\n<h5 class=\"wp-block-heading\"><mark style=\"background-color:rgba(0, 0, 0, 0);color:#12236f\" class=\"has-inline-color\">Tesorer\u00eda:<\/mark> <strong>Lic. Virginia Jara<\/strong><\/h5>\n\n\n\n<p><\/p>\n\n\n\n<p class=\"has-white-color has-text-color has-link-color wp-elements-1b48a3e5374f4958e9fe2bda09c0819d\">.<br><\/p>\n\n\n\n<h5 class=\"wp-block-heading\"><strong><mark style=\"background-color:rgba(0, 0, 0, 0);color:#12236f\" class=\"has-inline-color\">Consejeros titulares:&nbsp;<\/mark><\/strong><\/h5>\n\n\n\n<h6 class=\"wp-block-heading\" style=\"font-size:15px\"><em><mark style=\"background-color:rgba(0, 0, 0, 0);color:#12236f\" class=\"has-inline-color\">-Nodocentes:<\/mark>&nbsp;<\/em>Zacar\u00edas Barrionuevo, Patricia Panguilef y Roberto Rossi<\/h6>\n\n\n\n<h6 class=\"wp-block-heading\" style=\"font-size:15px\"><mark style=\"background-color:rgba(0, 0, 0, 0);color:#12236f\" class=\"has-inline-color\"><em>-Docentes:<\/em>&nbsp;<\/mark>Ver\u00f3nica Rama, Andr\u00e9s Ib\u00e1\u00f1ez y Mabel Basanta<\/h6>\n\n\n\n<h6 class=\"wp-block-heading\" style=\"font-size:15px\"><em><mark style=\"background-color:rgba(0, 0, 0, 0);color:#12236f\" class=\"has-inline-color\">-Adherentes-Jubilados\/as:<\/mark>&nbsp;<\/em>Liliana Palacios&nbsp;<\/h6>\n\n\n\n<h6 class=\"wp-block-heading\" style=\"font-size:15px\"><mark style=\"background-color:rgba(0, 0, 0, 0);color:#12236f\" class=\"has-inline-color\"><em>-Consejo Superior UNCo:<\/em>&nbsp;<\/mark>Pablo Reyes, Claudia Espinosa y Pablo Manquicura<\/h6>\n\n\n\n<p class=\"has-white-color has-text-color has-link-color wp-elements-7e4ac651328708ea719ac0894fa30934\">.<\/p>\n\n\n\n<h5 class=\"wp-block-heading\"><mark style=\"background-color:rgba(0, 0, 0, 0);color:#12236f\" class=\"has-inline-color\">Consejeros suplentes:&nbsp;<\/mark><\/h5>\n\n\n\n<h6 class=\"wp-block-heading\" style=\"font-size:15px\"><em><mark style=\"background-color:rgba(0, 0, 0, 0);color:#12236f\" class=\"has-inline-color\">-Nodocentes:&nbsp;<\/mark><\/em>Paola Lisazu Alfonso, Virginia Jara y Mar\u00eda Eugenia Sigal&nbsp;<\/h6>\n\n\n\n<h6 class=\"wp-block-heading\" style=\"font-size:15px\"><em><mark style=\"background-color:rgba(0, 0, 0, 0);color:#12236f\" class=\"has-inline-color\">-Docentes:<\/mark><\/em>&nbsp;Silvia Vilchez, Ariel Sarricouet y Gustavo Casabona<\/h6>\n\n\n\n<h6 class=\"wp-block-heading\" style=\"font-size:15px\"><em><mark style=\"background-color:rgba(0, 0, 0, 0);color:#12236f\" class=\"has-inline-color\">-Adherentes-Jubilados\/as:&nbsp;<\/mark><\/em>Graciela Sottosanto<\/h6>\n\n\n\n<h6 class=\"wp-block-heading\" style=\"font-size:15px\"><mark style=\"background-color:rgba(0, 0, 0, 0);color:#12236f\" class=\"has-inline-color\"><em>-Consejo Superior UNCo:<\/em>&nbsp;<\/mark>Rub\u00e9n Vivanco, Mauro Cayumil y Paula Fava<\/h6>\n\n\n\n<p><\/p>\n<\/div><\/details><\/div>\n\n\n\n<div class=\"wp-block-coblocks-accordion-item\"><details><summary class=\"wp-block-coblocks-accordion-item__title has-background has-text-color has-black-color\" style=\"background-color:#c1d9fe\">Estatuto<\/summary><div class=\"wp-block-coblocks-accordion-item__content\" style=\"border-color:#c1d9fe\">\n<h4 class=\"wp-block-heading has-text-color\" style=\"color:#01114c\"><a href=\"http:\/\/192.9.200.18\/wordpress\/wp-content\/uploads\/2022\/03\/ESTATUTO-SOSUNC.pdf\" target=\"_blank\" rel=\"noreferrer noopener\">Estatuto SOSUNC &#8211; texto actualizado <\/a><\/h4>\n\n\n\n<p>En este t\u00edtulo, compartimos el Estatuto de SOSUNC con su texto ordenado y actualizado en funci\u00f3n de las sucesivas modificaciones. Es una versi\u00f3n de consulta para simplificar la lectura, sin certificaci\u00f3n notarial.  <\/p>\n\n\n\n<p class=\"has-white-color has-text-color has-link-color wp-elements-7e4ac651328708ea719ac0894fa30934\">.<\/p>\n\n\n\n<h4 class=\"wp-block-heading has-text-color\" style=\"color:#01114c\"><a href=\"https:\/\/drive.google.com\/file\/d\/1zp6llHYbbtXAeG8HbwdpSAsZoxM1UuxW\/view?usp=sharing\" target=\"_blank\" rel=\"noreferrer noopener\">Estatuto SOSUNC &#8211; texto certificado<\/a><\/h4>\n\n\n\n<p>En este t\u00edtulo, compartimos el Estatuto de SOSUNC seg\u00fan la \u00faltima versi\u00f3n con certificaci\u00f3n notarial, correspondiente al 24 de agosto de  2017. Comprende la ordenanza 0025\/1976 y sus modificatorias 0126\/1976, 0620\/1988, 0363\/1991, 0034\/1994, 0035\/1994, 0372\/1995, 0223\/2003 y 1198\/2006.<\/p>\n<\/div><\/details><\/div>\n\n\n\n<div class=\"wp-block-coblocks-accordion-item\"><details><summary class=\"wp-block-coblocks-accordion-item__title has-background has-text-color has-black-color\" style=\"background-color:#c1d9fe\">Atenci\u00f3n a afiliados y afiliadas<\/summary><div class=\"wp-block-coblocks-accordion-item__content\" style=\"border-color:#c1d9fe\">\n<p><strong>SOSUNC<\/strong> tiene su sede central en Avenida Argentina 1273 de la ciudad de Neuqu\u00e9n y cuenta con nueve delegaciones, ubicadas en las localidades de ambas provincias donde hay facultades o centros universitarios de la UNCo.<\/p>\n\n\n\n<p>La atenci\u00f3n a las personas afiliadas es presencial y virtual. Puede consultar las l\u00edneas de Whatsapp y mail para cada localidad <a href=\"https:\/\/www.sosunc.org.ar\/web\/?page_id=3442\" target=\"_blank\" rel=\"noreferrer noopener\">AC\u00c1<\/a><\/p>\n\n\n\n<p class=\"has-white-color has-text-color\">.<\/p>\n\n\n\n<h4 class=\"wp-block-heading has-text-color has-link-color wp-elements-eb3f6e1525e1dab8161b12084e32866e\" style=\"color:#01114c\">SOSUNC.M\u00f3vil<\/h4>\n\n\n\n<p>Los tr\u00e1mites m\u00e1s habituales se pueden realizar a trav\u00e9s de la app SOSUNC.M\u00f3vil. No es una aplicaci\u00f3n disponible en Play Store. Se accede a trav\u00e9s de esta misma p\u00e1gina web, en el siguiente enlace: <a href=\"https:\/\/www.sosunc.org.ar\/sosuncmovil\/\" target=\"_blank\" rel=\"noreferrer noopener\">ACCESO SOSUNC.M\u00d3VIL<\/a><\/p>\n\n\n\n<p>Si todav\u00eda no tiene usuario y contrase\u00f1a para la app, puede consultar el tutorial con el detalle paso a paso en el siguiente enlace: <a href=\"https:\/\/www.sosunc.org.ar\/web\/?page_id=1447\" target=\"_blank\" rel=\"noreferrer noopener\">VER TUTORIAL<\/a><\/p>\n\n\n\n<p>La app le permite generar la clave token que reemplaza a las \u00f3rdenes de consulta. Tambi\u00e9n puede solicitar reintegros, disponer de las credenciales de afiliaci\u00f3n, buscar a un profesional en la Cartilla M\u00e9dica y acceder al programa de  descuentos en comercios de la regi\u00f3n, entre otras funciones.<\/p>\n\n\n\n<p class=\"has-white-color has-text-color has-link-color wp-elements-7e4ac651328708ea719ac0894fa30934\">.<\/p>\n\n\n\n<h4 class=\"wp-block-heading has-text-color\" style=\"color:#01114c\">\u00d3rdenes de consulta<\/h4>\n\n\n\n<p>SOSUNC expende \u00f3rdenes de consulta en forma impresa, en cada una de sus delegaciones, y en formato digital, a trav\u00e9s de nuestra app SOSUNC.M\u00f3vil. <\/p>\n\n\n\n<p>Cada orden que expende SOSUNC, as\u00ed sea de papel o digital, tiene un c\u00f3digo token que la identifica. Las \u00f3rdenes mantienen su validez hasta que se consume el c\u00f3digo token o hasta que finaliza el a\u00f1o calendario, el 31 de diciembre. <\/p>\n\n\n\n<p><strong><mark style=\"background-color:#ffffff;color:#193784\" class=\"has-inline-color\">Todas las \u00f3rdenes de consulta expendidas a lo largo de un a\u00f1o pierden vigencia el 31 de diciembre.<\/mark><\/strong><\/p>\n\n\n\n<p>Cuando se utilizan \u00f3rdenes de consulta en papel, nuestros prestadores deben indicar su uso lo m\u00e1s pronto posible para evitar duplicaciones. No est\u00e1 permitido el uso reiterado de una misma orden para distintas consultas m\u00e9dicas.&nbsp;<\/p>\n\n\n\n<p><\/p>\n<\/div><\/details><\/div>\n\n\n\n<div class=\"wp-block-coblocks-accordion-item\"><details><summary class=\"wp-block-coblocks-accordion-item__title has-background has-text-color has-black-color\" style=\"background-color:#c1d9fe\">Auditor\u00eda M\u00e9dica<\/summary><div class=\"wp-block-coblocks-accordion-item__content\" style=\"border-color:#c1d9fe\">\n<p>Se pueden enviar recetas que requieren autorizaci\u00f3n de lunes a viernes, de 8 a 15 hs., al WhatsApp <strong><a href=\"tel:2996334638\">2996334638<\/a>.<\/strong> La recepci\u00f3n presencial de Auditor\u00eda est\u00e1 en la sede central de la ciudad de Neuqu\u00e9n.<\/p>\n<\/div><\/details><\/div>\n\n\n\n<div class=\"wp-block-coblocks-accordion-item\"><details><summary class=\"wp-block-coblocks-accordion-item__title has-background has-text-color has-black-color\" style=\"background-color:#c1d9fe\">Turismo<\/summary><div class=\"wp-block-coblocks-accordion-item__content\" style=\"border-color:#c1d9fe\">\n<p>La atenci\u00f3n por los servicios tur\u00edsticos de SOSUNC est\u00e1 disponible de lunes a viernes, de 8 a 15 hs., a trav\u00e9s de la l\u00ednea de Whatsapp <a href=\"tel:2994099218\" target=\"_blank\" rel=\"noreferrer noopener\">2994099218<\/a> o bien el mail <a href=\"turismo@sosunc.net.ar\">turismo@sosunc.net.ar<\/a><\/p>\n<\/div><\/details><\/div>\n\n\n\n<div class=\"wp-block-coblocks-accordion-item\"><details><summary class=\"wp-block-coblocks-accordion-item__title has-background has-text-color has-black-color\" style=\"background-color:#c1d9fe\">Elecciones 2024<\/summary><div class=\"wp-block-coblocks-accordion-item__content\" style=\"border-color:#c1d9fe\">\n<p>Consulte toda la informaci\u00f3n sobre las elecciones de SOSUNC del 5 de noviembre de 2024 <a href=\"https:\/\/www.sosunc.org.ar\/web\/?p=7787\">AQU\u00cd<\/a><\/p>\n<\/div><\/details><\/div>\n<\/div>\n\n\n\n<div class=\"wp-block-coblocks-accordion\">\n<div class=\"wp-block-coblocks-accordion-item\"><details><summary class=\"wp-block-coblocks-accordion-item__title has-background has-text-color has-black-color\" style=\"background-color:#c1d9fe\">Nuestra historia<\/summary><div class=\"wp-block-coblocks-accordion-item__content\" style=\"border-color:#c1d9fe\">\n<p>El Servicio de Obra Social de la Universidad Nacional del Comahue, SOSUNC, se constituy\u00f3 de manera oficial el 26 de julio de 1976, a partir de la iniciativa de la trabajadora nodocente Teresita Nasser, la afiliada n\u00famero 1 y primera gerente de la instituci\u00f3n.<\/p>\n\n\n\n<p>En 1975, la Universidad Nacional del Comahue cre\u00f3 una comisi\u00f3n ad honorem para poner en marcha la obra social para sus trabajadores y trabajadoras como un organismo con administraci\u00f3n aut\u00f3noma. Un a\u00f1o despu\u00e9s, se formaliz\u00f3 esa decisi\u00f3n a trav\u00e9s de la ordenanza 0025\/76, que estableci\u00f3 el estatuto fundacional de SOSUNC.<\/p>\n\n\n\n<p class=\"has-text-color\" style=\"color:#01114c\"><a href=\"http:\/\/192.9.200.18\/wordpress\/?p=3399\" target=\"_blank\" rel=\"noreferrer noopener\">Ex sede de SOSUNC en Carlos H. Rodr\u00edguez<\/a><\/p>\n\n\n\n<p class=\"has-text-color\" style=\"color:#01114c\"><a href=\"http:\/\/192.9.200.18\/wordpress\/?p=3410\" target=\"_blank\" rel=\"noreferrer noopener\">Construcci\u00f3n del Teatro Universitario<\/a><\/p>\n<\/div><\/details><\/div>\n<\/div>\n","protected":false},"excerpt":{"rendered":"<p>SOSUNC El Servicio de Obra Social de la Universidad Nacional del Comahue, SOSUNC, suma m\u00e1s de 45 a\u00f1os trabajando por el derecho a la salud, bienestar y recreaci\u00f3n de las y los trabajadores de esta casa de estudios.<\/p>\n","protected":false},"author":1,"featured_media":0,"parent":0,"menu_order":0,"comment_status":"closed","ping_status":"closed","template":"","meta":{"_coblocks_attr":"","_coblocks_dimensions":"","_coblocks_responsive_height":"","_coblocks_accordion_ie_support":"","footnotes":""},"class_list":["post-244","page","type-page","status-publish","hentry"],"yoast_head":"<!-- This site is optimized with the Yoast SEO plugin v26.5 - https:\/\/yoast.com\/wordpress\/plugins\/seo\/ -->\n<title>Obra Social - SOSUNC<\/title>\n<meta name=\"description\" content=\"SOSUNC, Servicio de Obra Social de la Universidad Nacional del Comahue.\" \/>\n<meta name=\"robots\" content=\"index, follow, max-snippet:-1, max-image-preview:large, max-video-preview:-1\" \/>\n<link rel=\"canonical\" href=\"https:\/\/www.sosunc.org.ar\/web\/?page_id=244\" \/>\n<meta property=\"og:locale\" content=\"es_ES\" \/>\n<meta property=\"og:type\" content=\"article\" \/>\n<meta property=\"og:title\" content=\"Obra Social - SOSUNC\" \/>\n<meta property=\"og:description\" content=\"SOSUNC, Servicio de Obra Social de la Universidad Nacional del Comahue.\" \/>\n<meta property=\"og:url\" content=\"https:\/\/www.sosunc.org.ar\/web\/?page_id=244\" \/>\n<meta property=\"og:site_name\" content=\"SOSUNC\" \/>\n<meta property=\"article:publisher\" content=\"https:\/\/www.facebook.com\/sosunc.unco\" \/>\n<meta property=\"article:modified_time\" content=\"2025-12-05T11:22:13+00:00\" \/>\n<meta property=\"og:image\" content=\"https:\/\/192.9.200.18\/wordpress\/wp-content\/uploads\/2020\/03\/portada-farmacia-sosunc.png\" \/>\n\t<meta property=\"og:image:width\" content=\"1024\" \/>\n\t<meta property=\"og:image:height\" content=\"438\" \/>\n\t<meta property=\"og:image:type\" content=\"image\/png\" \/>\n<meta name=\"twitter:card\" content=\"summary_large_image\" \/>\n<meta name=\"twitter:label1\" content=\"Tiempo de lectura\" \/>\n\t<meta name=\"twitter:data1\" content=\"4 minutos\" \/>\n<script type=\"application\/ld+json\" class=\"yoast-schema-graph\">{\"@context\":\"https:\/\/schema.org\",\"@graph\":[{\"@type\":\"WebPage\",\"@id\":\"https:\/\/www.sosunc.org.ar\/web\/?page_id=244\",\"url\":\"https:\/\/www.sosunc.org.ar\/web\/?page_id=244\",\"name\":\"Obra Social - SOSUNC\",\"isPartOf\":{\"@id\":\"https:\/\/www.sosunc.org.ar\/web\/#website\"},\"primaryImageOfPage\":{\"@id\":\"https:\/\/www.sosunc.org.ar\/web\/?page_id=244#primaryimage\"},\"image\":{\"@id\":\"https:\/\/www.sosunc.org.ar\/web\/?page_id=244#primaryimage\"},\"thumbnailUrl\":\"http:\/\/192.9.200.18\/wordpress\/wp-content\/uploads\/2020\/03\/portada-farmacia-sosunc.png\",\"datePublished\":\"2020-05-30T01:47:37+00:00\",\"dateModified\":\"2025-12-05T11:22:13+00:00\",\"description\":\"SOSUNC, Servicio de Obra Social de la Universidad Nacional del Comahue.\",\"breadcrumb\":{\"@id\":\"https:\/\/www.sosunc.org.ar\/web\/?page_id=244#breadcrumb\"},\"inLanguage\":\"es-AR\",\"potentialAction\":[{\"@type\":\"ReadAction\",\"target\":[\"https:\/\/www.sosunc.org.ar\/web\/?page_id=244\"]}]},{\"@type\":\"ImageObject\",\"inLanguage\":\"es-AR\",\"@id\":\"https:\/\/www.sosunc.org.ar\/web\/?page_id=244#primaryimage\",\"url\":\"http:\/\/192.9.200.18\/wordpress\/wp-content\/uploads\/2020\/03\/portada-farmacia-sosunc.png\",\"contentUrl\":\"http:\/\/192.9.200.18\/wordpress\/wp-content\/uploads\/2020\/03\/portada-farmacia-sosunc.png\"},{\"@type\":\"BreadcrumbList\",\"@id\":\"https:\/\/www.sosunc.org.ar\/web\/?page_id=244#breadcrumb\",\"itemListElement\":[{\"@type\":\"ListItem\",\"position\":1,\"name\":\"Inicio\",\"item\":\"https:\/\/www.sosunc.org.ar\/web\/\"},{\"@type\":\"ListItem\",\"position\":2,\"name\":\"Obra Social\"}]},{\"@type\":\"WebSite\",\"@id\":\"https:\/\/www.sosunc.org.ar\/web\/#website\",\"url\":\"https:\/\/www.sosunc.org.ar\/web\/\",\"name\":\"SOSUNC\",\"description\":\"Servicio de Obra Social de la Universidad Nacional del Comahue\",\"publisher\":{\"@id\":\"https:\/\/www.sosunc.org.ar\/web\/#organization\"},\"potentialAction\":[{\"@type\":\"SearchAction\",\"target\":{\"@type\":\"EntryPoint\",\"urlTemplate\":\"https:\/\/www.sosunc.org.ar\/web\/?s={search_term_string}\"},\"query-input\":{\"@type\":\"PropertyValueSpecification\",\"valueRequired\":true,\"valueName\":\"search_term_string\"}}],\"inLanguage\":\"es-AR\"},{\"@type\":\"Organization\",\"@id\":\"https:\/\/www.sosunc.org.ar\/web\/#organization\",\"name\":\"Servicio de Obra Social Universidad Nacional del Comahue\",\"url\":\"https:\/\/www.sosunc.org.ar\/web\/\",\"logo\":{\"@type\":\"ImageObject\",\"inLanguage\":\"es-AR\",\"@id\":\"https:\/\/www.sosunc.org.ar\/web\/#\/schema\/logo\/image\/\",\"url\":\"https:\/\/192.9.200.18\/wordpress\/wp-content\/uploads\/2022\/06\/logososunc.png\",\"contentUrl\":\"https:\/\/192.9.200.18\/wordpress\/wp-content\/uploads\/2022\/06\/logososunc.png\",\"width\":333,\"height\":333,\"caption\":\"Servicio de Obra Social Universidad Nacional del Comahue\"},\"image\":{\"@id\":\"https:\/\/www.sosunc.org.ar\/web\/#\/schema\/logo\/image\/\"},\"sameAs\":[\"https:\/\/www.facebook.com\/sosunc.unco\"]}]}<\/script>\n<!-- \/ Yoast SEO plugin. -->","yoast_head_json":{"title":"Obra Social - SOSUNC","description":"SOSUNC, Servicio de Obra Social de la Universidad Nacional del Comahue.","robots":{"index":"index","follow":"follow","max-snippet":"max-snippet:-1","max-image-preview":"max-image-preview:large","max-video-preview":"max-video-preview:-1"},"canonical":"https:\/\/www.sosunc.org.ar\/web\/?page_id=244","og_locale":"es_ES","og_type":"article","og_title":"Obra Social - SOSUNC","og_description":"SOSUNC, Servicio de Obra Social de la Universidad Nacional del Comahue.","og_url":"https:\/\/www.sosunc.org.ar\/web\/?page_id=244","og_site_name":"SOSUNC","article_publisher":"https:\/\/www.facebook.com\/sosunc.unco","article_modified_time":"2025-12-05T11:22:13+00:00","og_image":[{"width":1024,"height":438,"url":"https:\/\/192.9.200.18\/wordpress\/wp-content\/uploads\/2020\/03\/portada-farmacia-sosunc.png","type":"image\/png"}],"twitter_card":"summary_large_image","twitter_misc":{"Tiempo de lectura":"4 minutos"},"schema":{"@context":"https:\/\/schema.org","@graph":[{"@type":"WebPage","@id":"https:\/\/www.sosunc.org.ar\/web\/?page_id=244","url":"https:\/\/www.sosunc.org.ar\/web\/?page_id=244","name":"Obra Social - SOSUNC","isPartOf":{"@id":"https:\/\/www.sosunc.org.ar\/web\/#website"},"primaryImageOfPage":{"@id":"https:\/\/www.sosunc.org.ar\/web\/?page_id=244#primaryimage"},"image":{"@id":"https:\/\/www.sosunc.org.ar\/web\/?page_id=244#primaryimage"},"thumbnailUrl":"http:\/\/192.9.200.18\/wordpress\/wp-content\/uploads\/2020\/03\/portada-farmacia-sosunc.png","datePublished":"2020-05-30T01:47:37+00:00","dateModified":"2025-12-05T11:22:13+00:00","description":"SOSUNC, Servicio de Obra Social de la Universidad Nacional del Comahue.","breadcrumb":{"@id":"https:\/\/www.sosunc.org.ar\/web\/?page_id=244#breadcrumb"},"inLanguage":"es-AR","potentialAction":[{"@type":"ReadAction","target":["https:\/\/www.sosunc.org.ar\/web\/?page_id=244"]}]},{"@type":"ImageObject","inLanguage":"es-AR","@id":"https:\/\/www.sosunc.org.ar\/web\/?page_id=244#primaryimage","url":"http:\/\/192.9.200.18\/wordpress\/wp-content\/uploads\/2020\/03\/portada-farmacia-sosunc.png","contentUrl":"http:\/\/192.9.200.18\/wordpress\/wp-content\/uploads\/2020\/03\/portada-farmacia-sosunc.png"},{"@type":"BreadcrumbList","@id":"https:\/\/www.sosunc.org.ar\/web\/?page_id=244#breadcrumb","itemListElement":[{"@type":"ListItem","position":1,"name":"Inicio","item":"https:\/\/www.sosunc.org.ar\/web\/"},{"@type":"ListItem","position":2,"name":"Obra Social"}]},{"@type":"WebSite","@id":"https:\/\/www.sosunc.org.ar\/web\/#website","url":"https:\/\/www.sosunc.org.ar\/web\/","name":"SOSUNC","description":"Servicio de Obra Social de la Universidad Nacional del Comahue","publisher":{"@id":"https:\/\/www.sosunc.org.ar\/web\/#organization"},"potentialAction":[{"@type":"SearchAction","target":{"@type":"EntryPoint","urlTemplate":"https:\/\/www.sosunc.org.ar\/web\/?s={search_term_string}"},"query-input":{"@type":"PropertyValueSpecification","valueRequired":true,"valueName":"search_term_string"}}],"inLanguage":"es-AR"},{"@type":"Organization","@id":"https:\/\/www.sosunc.org.ar\/web\/#organization","name":"Servicio de Obra Social Universidad Nacional del Comahue","url":"https:\/\/www.sosunc.org.ar\/web\/","logo":{"@type":"ImageObject","inLanguage":"es-AR","@id":"https:\/\/www.sosunc.org.ar\/web\/#\/schema\/logo\/image\/","url":"https:\/\/192.9.200.18\/wordpress\/wp-content\/uploads\/2022\/06\/logososunc.png","contentUrl":"https:\/\/192.9.200.18\/wordpress\/wp-content\/uploads\/2022\/06\/logososunc.png","width":333,"height":333,"caption":"Servicio de Obra Social Universidad Nacional del Comahue"},"image":{"@id":"https:\/\/www.sosunc.org.ar\/web\/#\/schema\/logo\/image\/"},"sameAs":["https:\/\/www.facebook.com\/sosunc.unco"]}]}},"_links":{"self":[{"href":"https:\/\/www.sosunc.org.ar\/web\/index.php?rest_route=\/wp\/v2\/pages\/244","targetHints":{"allow":["GET"]}}],"collection":[{"href":"https:\/\/www.sosunc.org.ar\/web\/index.php?rest_route=\/wp\/v2\/pages"}],"about":[{"href":"https:\/\/www.sosunc.org.ar\/web\/index.php?rest_route=\/wp\/v2\/types\/page"}],"author":[{"embeddable":true,"href":"https:\/\/www.sosunc.org.ar\/web\/index.php?rest_route=\/wp\/v2\/users\/1"}],"replies":[{"embeddable":true,"href":"https:\/\/www.sosunc.org.ar\/web\/index.php?rest_route=%2Fwp%2Fv2%2Fcomments&post=244"}],"version-history":[{"count":93,"href":"https:\/\/www.sosunc.org.ar\/web\/index.php?rest_route=\/wp\/v2\/pages\/244\/revisions"}],"predecessor-version":[{"id":9958,"href":"https:\/\/www.sosunc.org.ar\/web\/index.php?rest_route=\/wp\/v2\/pages\/244\/revisions\/9958"}],"wp:attachment":[{"href":"https:\/\/www.sosunc.org.ar\/web\/index.php?rest_route=%2Fwp%2Fv2%2Fmedia&parent=244"}],"curies":[{"name":"wp","href":"https:\/\/api.w.org\/{rel}","templated":true}]}}