{"id":142,"date":"2020-05-29T19:28:17","date_gmt":"2020-05-29T22:28:17","guid":{"rendered":"http:\/\/170.210.80.98:8385\/wordpress\/?page_id=142"},"modified":"2025-10-09T14:34:39","modified_gmt":"2025-10-09T17:34:39","slug":"afiliaciones","status":"publish","type":"page","link":"https:\/\/www.sosunc.org.ar\/web\/?page_id=142","title":{"rendered":"Afiliaciones"},"content":{"rendered":"\n<figure class=\"wp-block-image size-large\"><img loading=\"lazy\" decoding=\"async\" width=\"1024\" height=\"646\" src=\"https:\/\/192.9.200.18\/wordpress\/wp-content\/uploads\/2025\/08\/Afiliaciones-portada-1024x646.png\" alt=\"\" class=\"wp-image-9544\" srcset=\"http:\/\/192.9.200.18\/wordpress\/wp-content\/uploads\/2025\/08\/Afiliaciones-portada-1024x646.png 1024w, http:\/\/192.9.200.18\/wordpress\/wp-content\/uploads\/2025\/08\/Afiliaciones-portada-300x189.png 300w, http:\/\/192.9.200.18\/wordpress\/wp-content\/uploads\/2025\/08\/Afiliaciones-portada-768x485.png 768w, http:\/\/192.9.200.18\/wordpress\/wp-content\/uploads\/2025\/08\/Afiliaciones-portada.png 1333w\" sizes=\"auto, (max-width: 1024px) 100vw, 1024px\" \/><\/figure>\n\n\n\n<p class=\"has-white-color has-text-color has-link-color wp-elements-c645e628e62f8fbab9d9726851472d16\"><\/p>\n\n\n\n<p>Desde 1976, SOSUNC es la obra social del personal de la Universidad Nacional del Comahue y otorga la cobertura en salud en ambas provincias, R\u00edo Negro y Neuqu\u00e9n. <\/p>\n\n\n\n<p>Nuestra obra social est\u00e1 gestionada de manera representativa por el personal docente y no docente de la Universidad. Quienes ingresan a trabajar en la UNCo deben tramitar su afiliaci\u00f3n como titulares activos y pueden incluir como beneficiarios a los integrantes del grupo familiar a su cargo. Adem\u00e1s, SOSUNC cuenta con la posibilidad de afiliaci\u00f3n como titulares adherentes para las personas que se jubilaron por  su cargo en la UNCo y cumplen con los requisitos de antig\u00fcedad previstos en el Estatuto.<\/p>\n\n\n\n<p>Por tr\u00e1mites de altas, bajas y modificaciones de afiliaciones para activos\/as y adherentes, est\u00e1 disponible la casilla de correo <a href=\"mailto:afiliaciones@sosunc.net.ar\">afiliaciones@sosunc.net.ar<\/a><\/p>\n\n\n\n<div class=\"wp-block-coblocks-accordion\">\n<div class=\"wp-block-coblocks-accordion-item\"><details><summary class=\"wp-block-coblocks-accordion-item__title has-background has-text-color has-black-color\" style=\"background-color:#c1d9fe\"> Alta de afiliados\/as &#8211; Requisitos<\/summary><div class=\"wp-block-coblocks-accordion-item__content\" style=\"border-color:#c1d9fe\">\n<h4 class=\"wp-block-heading has-white-color has-text-color\">.<\/h4>\n\n\n\n<h4 class=\"wp-block-heading has-text-color\" style=\"color:#01114c\"><strong>TITULARES: <\/strong><\/h4>\n\n\n\n<ul class=\"wp-block-list has-black-color has-text-color\">\n<li><a href=\"http:\/\/192.9.200.18\/wordpress\/wp-content\/uploads\/2024\/03\/Ficha-afiliacion.pdf\" target=\"_blank\" rel=\"noreferrer noopener\">Ficha de afiliaci\u00f3n<\/a><\/li>\n\n\n\n<li><a href=\"https:\/\/www.sosunc.org.ar\/web\/wp-content\/uploads\/2023\/04\/Subsidio-por-fallecimiento.pdf\" target=\"_blank\" rel=\"noreferrer noopener\">Declaraci\u00f3n jurada por subsidio por fallecimiento<\/a><\/li>\n\n\n\n<li><a href=\"http:\/\/192.9.200.18\/wordpress\/wp-content\/uploads\/2024\/04\/DDJJ-Afiliacion-otra-obra-social.pdf\" target=\"_blank\" rel=\"noreferrer noopener\">Declaraci\u00f3n jurada de afiliaci\u00f3n a otra obra social<\/a><\/li>\n\n\n\n<li>\u00daltimos 3 (tres) recibos de sueldo <em>(Firmados por autoridad competente)<\/em><\/li>\n\n\n\n<li>\u00daltima designaci\u00f3n <em>(Resoluci\u00f3n del cargo)<\/em><\/li>\n\n\n\n<li>D.N.I. <em>(Original)<\/em><\/li>\n\n\n\n<li>C.B.U.: Comprobante Bancario<\/li>\n<\/ul>\n\n\n\n<p class=\"has-text-align-center has-text-color\" style=\"color:#01114c\">____________________________________________________<\/p>\n\n\n\n<h4 class=\"wp-block-heading has-text-color\" style=\"color:#01114c\"><strong>ADHERENTES <\/strong>(Personas jubiladas y pensionadas)<strong>:<\/strong> <\/h4>\n\n\n\n<ul class=\"wp-block-list has-black-color has-text-color\">\n<li><a href=\"http:\/\/192.9.200.18\/wordpress\/wp-content\/uploads\/2024\/03\/Ficha-afiliacion.pdf\" target=\"_blank\" rel=\"noreferrer noopener\">Ficha de afiliaci\u00f3n<\/a><\/li>\n\n\n\n<li><a href=\"https:\/\/www.sosunc.org.ar\/web\/wp-content\/uploads\/2023\/04\/Subsidio-por-fallecimiento.pdf\" target=\"_blank\" rel=\"noreferrer noopener\">Declaraci\u00f3n jurada por subsidio por fallecimiento<\/a><\/li>\n\n\n\n<li><a href=\"https:\/\/www.sosunc.org.ar\/web\/wp-content\/uploads\/2023\/04\/Declaracion-jurada-jubilados.pdf\" target=\"_blank\" rel=\"noreferrer noopener\">Declaraci\u00f3n jurada de personas jubiladas y pensionadas<\/a><\/li>\n\n\n\n<li><a href=\"http:\/\/192.9.200.18\/wordpress\/wp-content\/uploads\/2024\/04\/DDJJ-Afiliacion-otra-obra-social.pdf\" target=\"_blank\" rel=\"noreferrer noopener\">Declaraci\u00f3n jurada de afiliaci\u00f3n a otra obra social<\/a><\/li>\n\n\n\n<li>D.N.I <em>(Original)<\/em><\/li>\n\n\n\n<li>Libre deuda actualizado <em>(Se solicita al mail cobranzas@sosunc.org.ar. El plazo m\u00e1ximo entre que solicita el libre deuda y presenta los papeles no debe superar los <strong>10 <\/strong>d\u00edas)<\/em>.<\/li>\n\n\n\n<li>C.B.U.: Comprobante Bancario<\/li>\n\n\n\n<li>Carnet de afiliaci\u00f3n al sistema previsional (PAMI, IPROSS, ISSN, ETC.)<\/li>\n<\/ul>\n\n\n\n<ul class=\"wp-block-list has-black-color has-text-color\">\n<li><strong><mark style=\"background-color:#deebfc\" class=\"has-inline-color\">Si es jubilado\/a, agregar: <\/mark><\/strong>\n<ul class=\"wp-block-list\">\n<li>\u00daltimo recibo de sueldo en actividad<\/li>\n\n\n\n<li>\u00daltimo recibo de la ANSES<\/li>\n\n\n\n<li>Certificaci\u00f3n de servicios <\/li>\n<\/ul>\n<\/li>\n<\/ul>\n\n\n\n<ul class=\"wp-block-list is-style-default has-black-color has-text-color\">\n<li><strong><mark style=\"background-color:#deebfc\" class=\"has-inline-color\">Si es pensionado\/a, agregar: <\/mark><\/strong>\n<ul class=\"wp-block-list\">\n<li>\u00daltimo recibo de sueldo en actividad o jubilaci\u00f3n <em>(El que corresponda)<\/em><\/li>\n\n\n\n<li>\u00daltimo recibo de la pensi\u00f3n<\/li>\n\n\n\n<li>Acta de fallecimiento del o la titular  <\/li>\n<\/ul>\n<\/li>\n<\/ul>\n\n\n\n<p class=\"has-text-align-center has-text-color\" style=\"color:#01114c\">____________________________________________________.<\/p>\n\n\n\n<h4 class=\"wp-block-heading has-text-color\" style=\"color:#01114c\"><strong> BENEFICIARIOS:<\/strong> <\/h4>\n\n\n\n<ul class=\"wp-block-list has-black-color has-text-color\">\n<li><strong>C\u00f3nyuge<\/strong>:\n<ul class=\"wp-block-list\">\n<li>Acta de matrimonio <em>(Original)<\/em><\/li>\n\n\n\n<li>D.N.I. <em>(Original)<\/em><\/li>\n\n\n\n<li>Certificaci\u00f3n Negativa de la ANSES con 6 (seis) meses de antig\u00fcedad<\/li>\n\n\n\n<li><em>Si hay que actualizar los datos, vuelve a presentar:<\/em> <a href=\"http:\/\/192.9.200.18\/wordpress\/wp-content\/uploads\/2024\/03\/Ficha-afiliacion.pdf\" target=\"_blank\" rel=\"noreferrer noopener\">Ficha de afiliaci\u00f3n<\/a> y <a href=\"http:\/\/192.9.200.18\/wordpress\/wp-content\/uploads\/2024\/04\/DDJJ-Afiliacion-otra-obra-social.pdf\" target=\"_blank\" rel=\"noreferrer noopener\">Declaraci\u00f3n Jurada de afiliaci\u00f3n a otra obra social<\/a><\/li>\n<\/ul>\n<\/li>\n<\/ul>\n\n\n\n<ul class=\"wp-block-list has-black-color has-text-color\">\n<li><strong>En uni\u00f3n&nbsp;convivencial<\/strong>: <ul><li>D.N.I. <em>(Original)<\/em><\/li><\/ul>\n<ul class=\"wp-block-list\">\n<li>Acta de Uni\u00f3n Convivencial&nbsp; <\/li>\n\n\n\n<li>Certificaci\u00f3n Negativa de la ANSES con 6 (seis) meses de antig\u00fcedad<\/li>\n\n\n\n<li><em>Si hay que actualizar los datos, vuelve a presentar:<\/em> <a href=\"http:\/\/192.9.200.18\/wordpress\/wp-content\/uploads\/2024\/03\/Ficha-afiliacion.pdf\" target=\"_blank\" rel=\"noreferrer noopener\">Ficha de afiliaci\u00f3n<\/a> y <a href=\"http:\/\/192.9.200.18\/wordpress\/wp-content\/uploads\/2024\/04\/DDJJ-Afiliacion-otra-obra-social.pdf\" target=\"_blank\" rel=\"noreferrer noopener\">Declaraci\u00f3n Jurada de afiliaci\u00f3n a otra obra social<\/a><\/li>\n<\/ul>\n<\/li>\n<\/ul>\n\n\n\n<ul class=\"wp-block-list has-black-color has-text-color\">\n<li><strong>Hijos\/as:<\/strong><ul><li>Acta de nacimiento <em>(Original)<\/em><\/li><li>D.N.I. <em>(Original)<\/em><\/li><li><em>Si hay que actualizar los datos, vuelve a presentar:<\/em> <a href=\"http:\/\/192.9.200.18\/wordpress\/wp-content\/uploads\/2024\/03\/Ficha-afiliacion.pdf\" target=\"_blank\" rel=\"noreferrer noopener\">Ficha de afiliaci\u00f3n<\/a> y <a href=\"http:\/\/192.9.200.18\/wordpress\/wp-content\/uploads\/2024\/04\/DDJJ-Afiliacion-otra-obra-social.pdf\" target=\"_blank\" rel=\"noreferrer noopener\">Declaraci\u00f3n Jurada de afiliaci\u00f3n a otra obra social<\/a><\/li><\/ul>\n<ul class=\"wp-block-list\">\n<li><mark style=\"background-color:#deebfc\" class=\"has-inline-color\">Si tiene entre 18 y 20 a\u00f1os inclusive, agregar: <\/mark>\n<ul class=\"wp-block-list\">\n<li>Declaraci\u00f3n jurada provista por SOSUNC <\/li>\n<\/ul>\n<\/li>\n\n\n\n<li><mark style=\"background-color:#deebfc\" class=\"has-inline-color\">Si tiene entre 21 y 25 a\u00f1os inclusive, agregar: <\/mark>\n<ul class=\"wp-block-list\">\n<li>Declaraci\u00f3n jurada provista por SOSUNC<\/li>\n\n\n\n<li>Certificado de alumno\/a regular<\/li>\n\n\n\n<li>Certificaci\u00f3n negativa de la ANSES    <\/li>\n<\/ul>\n<\/li>\n<\/ul>\n<\/li>\n<\/ul>\n\n\n\n<ul class=\"wp-block-list has-black-color has-text-color\">\n<li><strong>Menores en guarda:<\/strong>\n<ul class=\"wp-block-list\">\n<li>Acta de nacimiento <em>(Original)<\/em><\/li>\n\n\n\n<li>D.N.I. <em>(Original)<\/em><\/li>\n\n\n\n<li>Guarda otorgada por juez titular <em>(Original. No sirve la constancia de inicio del tr\u00e1mite).&nbsp; <\/em><\/li>\n\n\n\n<li><em>Si hay que actualizar los datos, vuelve a presentar:<\/em> <a href=\"http:\/\/192.9.200.18\/wordpress\/wp-content\/uploads\/2024\/03\/Ficha-afiliacion.pdf\" target=\"_blank\" rel=\"noreferrer noopener\">Ficha de afiliaci\u00f3n<\/a> y <a href=\"http:\/\/192.9.200.18\/wordpress\/wp-content\/uploads\/2024\/04\/DDJJ-Afiliacion-otra-obra-social.pdf\" target=\"_blank\" rel=\"noreferrer noopener\">Declaraci\u00f3n Jurada de afiliaci\u00f3n a otra obra social<\/a><\/li>\n<\/ul>\n<\/li>\n<\/ul>\n<\/div><\/details><\/div>\n\n\n\n<div class=\"wp-block-coblocks-accordion-item\"><details><summary class=\"wp-block-coblocks-accordion-item__title has-background has-text-color has-black-color\" style=\"background-color:#c1d9fe\">Baja de Afiliados\/as<\/summary><div class=\"wp-block-coblocks-accordion-item__content\" style=\"border-color:#c1d9fe\">\n<p class=\"has-black-color has-text-color\">En SOSUNC, las bajas de afiliados y afiliadas se producen por dos causas:<\/p>\n\n\n\n<p class=\"has-black-color has-text-color\"><strong>Baja por fallecimiento <\/strong><\/p>\n\n\n\n<p class=\"has-black-color has-text-color\">La persona afiliada que se registr\u00f3 como beneficiaria debe presentar el Acta de Defunci\u00f3n y adjuntar una nota para solicitar la baja. Si correspondiera, tambi\u00e9n puede pedir el subsidio por fallecimiento; el monto asciende a $15.000 seg\u00fan Resoluci\u00f3n 023\/21 del Consejo Directivo de SOSUNC (vigencia 01\/12\/2021).<\/p>\n\n\n\n<p class=\"has-black-color has-text-color\"><strong>Baja por divorcio o separaci\u00f3n<\/strong><\/p>\n\n\n\n<p class=\"has-black-color has-text-color\">El afiliado titular debe presentar nota solicitando la baja, acompa\u00f1ada por la sentencia de divorcio o bien informaci\u00f3n sumaria de separaci\u00f3n expedida por el juez de paz.<\/p>\n<\/div><\/details><\/div>\n<\/div>\n","protected":false},"excerpt":{"rendered":"<p>Desde 1976, SOSUNC es la obra social del personal de la Universidad Nacional del Comahue y otorga la cobertura en salud en ambas provincias, R\u00edo Negro y Neuqu\u00e9n. Nuestra obra social est\u00e1 gestionada de manera representativa por el personal docente y no docente de la Universidad. Quienes ingresan a trabajar en la UNCo deben tramitar [&hellip;]<\/p>\n","protected":false},"author":1,"featured_media":0,"parent":0,"menu_order":0,"comment_status":"closed","ping_status":"closed","template":"","meta":{"_coblocks_attr":"","_coblocks_dimensions":"","_coblocks_responsive_height":"","_coblocks_accordion_ie_support":"","footnotes":""},"class_list":["post-142","page","type-page","status-publish","hentry"],"yoast_head":"<!-- This site is optimized with the Yoast SEO plugin v26.5 - https:\/\/yoast.com\/wordpress\/plugins\/seo\/ -->\n<title>Afiliaciones - SOSUNC<\/title>\n<meta name=\"robots\" content=\"index, follow, max-snippet:-1, max-image-preview:large, max-video-preview:-1\" \/>\n<link rel=\"canonical\" href=\"https:\/\/www.sosunc.org.ar\/web\/?page_id=142\" \/>\n<meta property=\"og:locale\" content=\"es_ES\" \/>\n<meta property=\"og:type\" content=\"article\" \/>\n<meta property=\"og:title\" content=\"Afiliaciones - SOSUNC\" \/>\n<meta property=\"og:description\" content=\"Desde 1976, SOSUNC es la obra social del personal de la Universidad Nacional del Comahue y otorga la cobertura en salud en ambas provincias, R\u00edo Negro y Neuqu\u00e9n. Nuestra obra social est\u00e1 gestionada de manera representativa por el personal docente y no docente de la Universidad. Quienes ingresan a trabajar en la UNCo deben tramitar [&hellip;]\" \/>\n<meta property=\"og:url\" content=\"https:\/\/www.sosunc.org.ar\/web\/?page_id=142\" \/>\n<meta property=\"og:site_name\" content=\"SOSUNC\" \/>\n<meta property=\"article:publisher\" content=\"https:\/\/www.facebook.com\/sosunc.unco\" \/>\n<meta property=\"article:modified_time\" content=\"2025-10-09T17:34:39+00:00\" \/>\n<meta property=\"og:image\" content=\"https:\/\/192.9.200.18\/wordpress\/wp-content\/uploads\/2025\/08\/Afiliaciones-portada.png\" \/>\n\t<meta property=\"og:image:width\" content=\"1333\" \/>\n\t<meta property=\"og:image:height\" content=\"841\" \/>\n\t<meta property=\"og:image:type\" content=\"image\/png\" \/>\n<meta name=\"twitter:card\" content=\"summary_large_image\" \/>\n<meta name=\"twitter:label1\" content=\"Tiempo de lectura\" \/>\n\t<meta name=\"twitter:data1\" content=\"3 minutos\" \/>\n<script type=\"application\/ld+json\" class=\"yoast-schema-graph\">{\"@context\":\"https:\/\/schema.org\",\"@graph\":[{\"@type\":\"WebPage\",\"@id\":\"https:\/\/www.sosunc.org.ar\/web\/?page_id=142\",\"url\":\"https:\/\/www.sosunc.org.ar\/web\/?page_id=142\",\"name\":\"Afiliaciones - SOSUNC\",\"isPartOf\":{\"@id\":\"https:\/\/www.sosunc.org.ar\/web\/#website\"},\"primaryImageOfPage\":{\"@id\":\"https:\/\/www.sosunc.org.ar\/web\/?page_id=142#primaryimage\"},\"image\":{\"@id\":\"https:\/\/www.sosunc.org.ar\/web\/?page_id=142#primaryimage\"},\"thumbnailUrl\":\"https:\/\/192.9.200.18\/wordpress\/wp-content\/uploads\/2025\/08\/Afiliaciones-portada-1024x646.png\",\"datePublished\":\"2020-05-29T22:28:17+00:00\",\"dateModified\":\"2025-10-09T17:34:39+00:00\",\"breadcrumb\":{\"@id\":\"https:\/\/www.sosunc.org.ar\/web\/?page_id=142#breadcrumb\"},\"inLanguage\":\"es-AR\",\"potentialAction\":[{\"@type\":\"ReadAction\",\"target\":[\"https:\/\/www.sosunc.org.ar\/web\/?page_id=142\"]}]},{\"@type\":\"ImageObject\",\"inLanguage\":\"es-AR\",\"@id\":\"https:\/\/www.sosunc.org.ar\/web\/?page_id=142#primaryimage\",\"url\":\"https:\/\/192.9.200.18\/wordpress\/wp-content\/uploads\/2025\/08\/Afiliaciones-portada-1024x646.png\",\"contentUrl\":\"https:\/\/192.9.200.18\/wordpress\/wp-content\/uploads\/2025\/08\/Afiliaciones-portada-1024x646.png\"},{\"@type\":\"BreadcrumbList\",\"@id\":\"https:\/\/www.sosunc.org.ar\/web\/?page_id=142#breadcrumb\",\"itemListElement\":[{\"@type\":\"ListItem\",\"position\":1,\"name\":\"Inicio\",\"item\":\"https:\/\/www.sosunc.org.ar\/web\/\"},{\"@type\":\"ListItem\",\"position\":2,\"name\":\"Afiliaciones\"}]},{\"@type\":\"WebSite\",\"@id\":\"https:\/\/www.sosunc.org.ar\/web\/#website\",\"url\":\"https:\/\/www.sosunc.org.ar\/web\/\",\"name\":\"SOSUNC\",\"description\":\"Servicio de Obra Social de la Universidad Nacional del Comahue\",\"publisher\":{\"@id\":\"https:\/\/www.sosunc.org.ar\/web\/#organization\"},\"potentialAction\":[{\"@type\":\"SearchAction\",\"target\":{\"@type\":\"EntryPoint\",\"urlTemplate\":\"https:\/\/www.sosunc.org.ar\/web\/?s={search_term_string}\"},\"query-input\":{\"@type\":\"PropertyValueSpecification\",\"valueRequired\":true,\"valueName\":\"search_term_string\"}}],\"inLanguage\":\"es-AR\"},{\"@type\":\"Organization\",\"@id\":\"https:\/\/www.sosunc.org.ar\/web\/#organization\",\"name\":\"Servicio de Obra Social Universidad Nacional del Comahue\",\"url\":\"https:\/\/www.sosunc.org.ar\/web\/\",\"logo\":{\"@type\":\"ImageObject\",\"inLanguage\":\"es-AR\",\"@id\":\"https:\/\/www.sosunc.org.ar\/web\/#\/schema\/logo\/image\/\",\"url\":\"https:\/\/192.9.200.18\/wordpress\/wp-content\/uploads\/2022\/06\/logososunc.png\",\"contentUrl\":\"https:\/\/192.9.200.18\/wordpress\/wp-content\/uploads\/2022\/06\/logososunc.png\",\"width\":333,\"height\":333,\"caption\":\"Servicio de Obra Social Universidad Nacional del Comahue\"},\"image\":{\"@id\":\"https:\/\/www.sosunc.org.ar\/web\/#\/schema\/logo\/image\/\"},\"sameAs\":[\"https:\/\/www.facebook.com\/sosunc.unco\"]}]}<\/script>\n<!-- \/ Yoast SEO plugin. -->","yoast_head_json":{"title":"Afiliaciones - SOSUNC","robots":{"index":"index","follow":"follow","max-snippet":"max-snippet:-1","max-image-preview":"max-image-preview:large","max-video-preview":"max-video-preview:-1"},"canonical":"https:\/\/www.sosunc.org.ar\/web\/?page_id=142","og_locale":"es_ES","og_type":"article","og_title":"Afiliaciones - SOSUNC","og_description":"Desde 1976, SOSUNC es la obra social del personal de la Universidad Nacional del Comahue y otorga la cobertura en salud en ambas provincias, R\u00edo Negro y Neuqu\u00e9n. Nuestra obra social est\u00e1 gestionada de manera representativa por el personal docente y no docente de la Universidad. Quienes ingresan a trabajar en la UNCo deben tramitar [&hellip;]","og_url":"https:\/\/www.sosunc.org.ar\/web\/?page_id=142","og_site_name":"SOSUNC","article_publisher":"https:\/\/www.facebook.com\/sosunc.unco","article_modified_time":"2025-10-09T17:34:39+00:00","og_image":[{"width":1333,"height":841,"url":"https:\/\/192.9.200.18\/wordpress\/wp-content\/uploads\/2025\/08\/Afiliaciones-portada.png","type":"image\/png"}],"twitter_card":"summary_large_image","twitter_misc":{"Tiempo de lectura":"3 minutos"},"schema":{"@context":"https:\/\/schema.org","@graph":[{"@type":"WebPage","@id":"https:\/\/www.sosunc.org.ar\/web\/?page_id=142","url":"https:\/\/www.sosunc.org.ar\/web\/?page_id=142","name":"Afiliaciones - SOSUNC","isPartOf":{"@id":"https:\/\/www.sosunc.org.ar\/web\/#website"},"primaryImageOfPage":{"@id":"https:\/\/www.sosunc.org.ar\/web\/?page_id=142#primaryimage"},"image":{"@id":"https:\/\/www.sosunc.org.ar\/web\/?page_id=142#primaryimage"},"thumbnailUrl":"https:\/\/192.9.200.18\/wordpress\/wp-content\/uploads\/2025\/08\/Afiliaciones-portada-1024x646.png","datePublished":"2020-05-29T22:28:17+00:00","dateModified":"2025-10-09T17:34:39+00:00","breadcrumb":{"@id":"https:\/\/www.sosunc.org.ar\/web\/?page_id=142#breadcrumb"},"inLanguage":"es-AR","potentialAction":[{"@type":"ReadAction","target":["https:\/\/www.sosunc.org.ar\/web\/?page_id=142"]}]},{"@type":"ImageObject","inLanguage":"es-AR","@id":"https:\/\/www.sosunc.org.ar\/web\/?page_id=142#primaryimage","url":"https:\/\/192.9.200.18\/wordpress\/wp-content\/uploads\/2025\/08\/Afiliaciones-portada-1024x646.png","contentUrl":"https:\/\/192.9.200.18\/wordpress\/wp-content\/uploads\/2025\/08\/Afiliaciones-portada-1024x646.png"},{"@type":"BreadcrumbList","@id":"https:\/\/www.sosunc.org.ar\/web\/?page_id=142#breadcrumb","itemListElement":[{"@type":"ListItem","position":1,"name":"Inicio","item":"https:\/\/www.sosunc.org.ar\/web\/"},{"@type":"ListItem","position":2,"name":"Afiliaciones"}]},{"@type":"WebSite","@id":"https:\/\/www.sosunc.org.ar\/web\/#website","url":"https:\/\/www.sosunc.org.ar\/web\/","name":"SOSUNC","description":"Servicio de Obra Social de la Universidad Nacional del Comahue","publisher":{"@id":"https:\/\/www.sosunc.org.ar\/web\/#organization"},"potentialAction":[{"@type":"SearchAction","target":{"@type":"EntryPoint","urlTemplate":"https:\/\/www.sosunc.org.ar\/web\/?s={search_term_string}"},"query-input":{"@type":"PropertyValueSpecification","valueRequired":true,"valueName":"search_term_string"}}],"inLanguage":"es-AR"},{"@type":"Organization","@id":"https:\/\/www.sosunc.org.ar\/web\/#organization","name":"Servicio de Obra Social Universidad Nacional del Comahue","url":"https:\/\/www.sosunc.org.ar\/web\/","logo":{"@type":"ImageObject","inLanguage":"es-AR","@id":"https:\/\/www.sosunc.org.ar\/web\/#\/schema\/logo\/image\/","url":"https:\/\/192.9.200.18\/wordpress\/wp-content\/uploads\/2022\/06\/logososunc.png","contentUrl":"https:\/\/192.9.200.18\/wordpress\/wp-content\/uploads\/2022\/06\/logososunc.png","width":333,"height":333,"caption":"Servicio de Obra Social Universidad Nacional del Comahue"},"image":{"@id":"https:\/\/www.sosunc.org.ar\/web\/#\/schema\/logo\/image\/"},"sameAs":["https:\/\/www.facebook.com\/sosunc.unco"]}]}},"_links":{"self":[{"href":"https:\/\/www.sosunc.org.ar\/web\/index.php?rest_route=\/wp\/v2\/pages\/142","targetHints":{"allow":["GET"]}}],"collection":[{"href":"https:\/\/www.sosunc.org.ar\/web\/index.php?rest_route=\/wp\/v2\/pages"}],"about":[{"href":"https:\/\/www.sosunc.org.ar\/web\/index.php?rest_route=\/wp\/v2\/types\/page"}],"author":[{"embeddable":true,"href":"https:\/\/www.sosunc.org.ar\/web\/index.php?rest_route=\/wp\/v2\/users\/1"}],"replies":[{"embeddable":true,"href":"https:\/\/www.sosunc.org.ar\/web\/index.php?rest_route=%2Fwp%2Fv2%2Fcomments&post=142"}],"version-history":[{"count":60,"href":"https:\/\/www.sosunc.org.ar\/web\/index.php?rest_route=\/wp\/v2\/pages\/142\/revisions"}],"predecessor-version":[{"id":9688,"href":"https:\/\/www.sosunc.org.ar\/web\/index.php?rest_route=\/wp\/v2\/pages\/142\/revisions\/9688"}],"wp:attachment":[{"href":"https:\/\/www.sosunc.org.ar\/web\/index.php?rest_route=%2Fwp%2Fv2%2Fmedia&parent=142"}],"curies":[{"name":"wp","href":"https:\/\/api.w.org\/{rel}","templated":true}]}}